{"id":9733,"date":"2021-11-09T14:16:30","date_gmt":"2021-11-09T13:16:30","guid":{"rendered":"http:\/\/grain-dpixel.fr\/info\/?post_type=tribe_events&#038;p=9733"},"modified":"2024-06-03T10:13:58","modified_gmt":"2024-06-03T08:13:58","slug":"expo-photo-masterclass-impact-du-covid-a-besancon-espace-gandhi-audincourt","status":"publish","type":"tribe_events","link":"https:\/\/grain-dpixel.fr\/info\/event\/expo-photo-masterclass-impact-du-covid-a-besancon-espace-gandhi-audincourt\/","title":{"rendered":"expo photo masterclass- IMPACT DU  COVID A BESANCON- Espace Gandhi &#8211; Audincourt"},"content":{"rendered":"<p><em>Durant un week end, l&rsquo;association \u00ab\u00a0Mode Ouverture\u00a0\u00bb nous accueille au sein de l&rsquo;Espace Gandhi \u00e0 Audincourt.\u00a0<\/em><\/p>\n<p><strong>VERNISSAGE : SAMEDI 13 Novembre \u00e0 18h<\/strong><\/p>\n<p>Mars 2020, comme tous nos compatriotes, les bisontines et les bisontins entraient en confinement pour lutter contre une maladie encore inconnue ; LE COVID 19.<\/p>\n<p>Il \u00e9tait alors difficile de pr\u00e9voir combien de temps dureraient les contraintes li\u00e9es \u00e0 cette pand\u00e9mie et quelles en seraient les cons\u00e9quences.<\/p>\n<p>A l&rsquo;annonce du second confinement, nous avons compris que ce serait long et difficile et que nous ne serions pas tous \u00e9gaux, qu&rsquo;au del\u00e0 des malades, nombreux sont celles et ceux qui avaient \u00e9t\u00e9 impact\u00e9e ou qui le seraient \u00e0 l&rsquo;avenir.<\/p>\n<p>Cette exposition est un t\u00e9moignage.<\/p>\n<p>A travers ces portraits, elle pr\u00e9sente et met l&rsquo;accent avant tout sur les personnes. Chacune de ces personnes a subi les cons\u00e9quences de cette p\u00e9riode.<\/p>\n<p>Que chacune d&rsquo;entre elles soit remerci\u00e9es pour sont t\u00e9moignage.<\/p>\n<p>Ce travail a \u00e9t\u00e9 r\u00e9alis\u00e9 par 10 adh\u00e9rents de Grain d&rsquo;pixel et dirig\u00e9 par le photojournaliste Raphael Helle .<\/p>\n<p>Avec le soutien de la Ville de Besan\u00e7on.<\/p>\n","protected":false},"excerpt":{"rendered":"<p>Durant un week end, l&rsquo;association \u00ab\u00a0Mode Ouverture\u00a0\u00bb nous accueille au sein de l&rsquo;Espace Gandhi \u00e0 Audincourt.\u00a0 VERNISSAGE : SAMEDI 13 Novembre \u00e0 18h Mars 2020, comme tous nos compatriotes, les [&hellip;]<\/p>\n","protected":false},"author":12,"featured_media":9741,"comment_status":"open","ping_status":"closed","template":"","meta":{"_bbp_topic_count":0,"_bbp_reply_count":0,"_bbp_total_topic_count":0,"_bbp_total_reply_count":0,"_bbp_voice_count":0,"_bbp_anonymous_reply_count":0,"_bbp_topic_count_hidden":0,"_bbp_reply_count_hidden":0,"_bbp_forum_subforum_count":0,"_monsterinsights_skip_tracking":false,"_monsterinsights_sitenote_active":false,"_monsterinsights_sitenote_note":"","_monsterinsights_sitenote_category":0,"_tribe_events_status":"","_tribe_events_status_reason":"","footnotes":""},"tags":[],"tribe_events_cat":[32],"class_list":["post-9733","tribe_events","type-tribe_events","status-publish","has-post-thumbnail","hentry","tribe_events_cat-evenement-grain-dpixel","cat_evenement-grain-dpixel"],"jetpack_sharing_enabled":true,"_links":{"self":[{"href":"https:\/\/grain-dpixel.fr\/info\/wp-json\/wp\/v2\/tribe_events\/9733","targetHints":{"allow":["GET"]}}],"collection":[{"href":"https:\/\/grain-dpixel.fr\/info\/wp-json\/wp\/v2\/tribe_events"}],"about":[{"href":"https:\/\/grain-dpixel.fr\/info\/wp-json\/wp\/v2\/types\/tribe_events"}],"author":[{"embeddable":true,"href":"https:\/\/grain-dpixel.fr\/info\/wp-json\/wp\/v2\/users\/12"}],"replies":[{"embeddable":true,"href":"https:\/\/grain-dpixel.fr\/info\/wp-json\/wp\/v2\/comments?post=9733"}],"version-history":[{"count":5,"href":"https:\/\/grain-dpixel.fr\/info\/wp-json\/wp\/v2\/tribe_events\/9733\/revisions"}],"predecessor-version":[{"id":15707,"href":"https:\/\/grain-dpixel.fr\/info\/wp-json\/wp\/v2\/tribe_events\/9733\/revisions\/15707"}],"wp:featuredmedia":[{"embeddable":true,"href":"https:\/\/grain-dpixel.fr\/info\/wp-json\/wp\/v2\/media\/9741"}],"wp:attachment":[{"href":"https:\/\/grain-dpixel.fr\/info\/wp-json\/wp\/v2\/media?parent=9733"}],"wp:term":[{"taxonomy":"post_tag","embeddable":true,"href":"https:\/\/grain-dpixel.fr\/info\/wp-json\/wp\/v2\/tags?post=9733"},{"taxonomy":"tribe_events_cat","embeddable":true,"href":"https:\/\/grain-dpixel.fr\/info\/wp-json\/wp\/v2\/tribe_events_cat?post=9733"}],"curies":[{"name":"wp","href":"https:\/\/api.w.org\/{rel}","templated":true}]}}

<p><em>Durant un week end, l&rsquo;association « Mode Ouverture » nous accueille au sein de l&rsquo;Espace Gandhi à Audincourt. </em></p>
<p><strong>VERNISSAGE : SAMEDI 13 Novembre à 18h</strong></p>
<p>Mars 2020, comme tous nos compatriotes, les bisontines et les bisontins entraient en confinement pour lutter contre une maladie encore inconnue ; LE COVID 19.</p>
<p>Il était alors difficile de prévoir combien de temps dureraient les contraintes liées à cette pandémie et quelles en seraient les conséquences.</p>
<p>A l&rsquo;annonce du second confinement, nous avons compris que ce serait long et difficile et que nous ne serions pas tous égaux, qu&rsquo;au delà des malades, nombreux sont celles et ceux qui avaient été impactée ou qui le seraient à l&rsquo;avenir.</p>
<p>Cette exposition est un témoignage.</p>
<p>A travers ces portraits, elle présente et met l&rsquo;accent avant tout sur les personnes. Chacune de ces personnes a subi les conséquences de cette période.</p>
<p>Que chacune d&rsquo;entre elles soit remerciées pour sont témoignage.</p>
<p>Ce travail a été réalisé par 10 adhérents de Grain d&rsquo;pixel et dirigé par le photojournaliste Raphael Helle .</p>
<p>Avec le soutien de la Ville de Besançon.</p>

<p>Durant un week end, l&rsquo;association « Mode Ouverture » nous accueille au sein de l&rsquo;Espace Gandhi à Audincourt.  VERNISSAGE : SAMEDI 13 Novembre à 18h Mars 2020, comme tous nos compatriotes, les [&hellip;]</p>
