{"id":9703,"date":"2021-10-27T14:29:28","date_gmt":"2021-10-27T12:29:28","guid":{"rendered":"http:\/\/grain-dpixel.fr\/info\/?post_type=tribe_events&#038;p=9703"},"modified":"2021-10-27T14:29:28","modified_gmt":"2021-10-27T12:29:28","slug":"vernissage-expo-photos-de-sylvain-charvet-lheure-bleue","status":"publish","type":"tribe_events","link":"https:\/\/grain-dpixel.fr\/info\/event\/vernissage-expo-photos-de-sylvain-charvet-lheure-bleue\/","title":{"rendered":"Vernissage Expo photos de Sylvain Charvet : l&rsquo;heure bleue"},"content":{"rendered":"<p>Une heure avant notre r\u00e9union mensuelle, nous vous proposons de venir d\u00e9couvrir l&rsquo;exposition de Sylvain Charvet, nouvel adh\u00e9rent de Grain d&rsquo;Pixel, \u00e0 <a class=\"oajrlxb2 g5ia77u1 qu0x051f esr5mh6w e9989ue4 r7d6kgcz rq0escxv nhd2j8a9 nc684nl6 p7hjln8o kvgmc6g5 cxmmr5t8 oygrvhab hcukyx3x jb3vyjys rz4wbd8a qt6c0cv9 a8nywdso i1ao9s8h esuyzwwr f1sip0of lzcic4wl oo9gr5id gpro0wi8 lrazzd5p\" tabindex=\"0\" role=\"link\" href=\"https:\/\/www.facebook.com\/udaf25\/\">Udaf du Doubs<\/a> &#8211; Maison de la famille &#8211; 12 rue de la famille \u00e0 Besan\u00e7on<\/p>\n","protected":false},"excerpt":{"rendered":"<p>Une heure avant notre r\u00e9union mensuelle, nous vous proposons de venir d\u00e9couvrir l&rsquo;exposition de Sylvain Charvet, nouvel adh\u00e9rent de Grain d&rsquo;Pixel, \u00e0 Udaf du Doubs &#8211; Maison de la famille [&hellip;]<\/p>\n","protected":false},"author":12,"featured_media":9704,"comment_status":"open","ping_status":"closed","template":"","meta":{"_bbp_topic_count":0,"_bbp_reply_count":0,"_bbp_total_topic_count":0,"_bbp_total_reply_count":0,"_bbp_voice_count":0,"_bbp_anonymous_reply_count":0,"_bbp_topic_count_hidden":0,"_bbp_reply_count_hidden":0,"_bbp_forum_subforum_count":0,"_monsterinsights_skip_tracking":false,"_monsterinsights_sitenote_active":false,"_monsterinsights_sitenote_note":"","_monsterinsights_sitenote_category":0,"_tribe_events_status":"","_tribe_events_status_reason":"","footnotes":""},"tags":[],"tribe_events_cat":[12],"class_list":["post-9703","tribe_events","type-tribe_events","status-publish","has-post-thumbnail","hentry","tribe_events_cat-visite-expo","cat_visite-expo"],"jetpack_sharing_enabled":true,"_links":{"self":[{"href":"https:\/\/grain-dpixel.fr\/info\/wp-json\/wp\/v2\/tribe_events\/9703","targetHints":{"allow":["GET"]}}],"collection":[{"href":"https:\/\/grain-dpixel.fr\/info\/wp-json\/wp\/v2\/tribe_events"}],"about":[{"href":"https:\/\/grain-dpixel.fr\/info\/wp-json\/wp\/v2\/types\/tribe_events"}],"author":[{"embeddable":true,"href":"https:\/\/grain-dpixel.fr\/info\/wp-json\/wp\/v2\/users\/12"}],"replies":[{"embeddable":true,"href":"https:\/\/grain-dpixel.fr\/info\/wp-json\/wp\/v2\/comments?post=9703"}],"version-history":[{"count":1,"href":"https:\/\/grain-dpixel.fr\/info\/wp-json\/wp\/v2\/tribe_events\/9703\/revisions"}],"predecessor-version":[{"id":9705,"href":"https:\/\/grain-dpixel.fr\/info\/wp-json\/wp\/v2\/tribe_events\/9703\/revisions\/9705"}],"wp:featuredmedia":[{"embeddable":true,"href":"https:\/\/grain-dpixel.fr\/info\/wp-json\/wp\/v2\/media\/9704"}],"wp:attachment":[{"href":"https:\/\/grain-dpixel.fr\/info\/wp-json\/wp\/v2\/media?parent=9703"}],"wp:term":[{"taxonomy":"post_tag","embeddable":true,"href":"https:\/\/grain-dpixel.fr\/info\/wp-json\/wp\/v2\/tags?post=9703"},{"taxonomy":"tribe_events_cat","embeddable":true,"href":"https:\/\/grain-dpixel.fr\/info\/wp-json\/wp\/v2\/tribe_events_cat?post=9703"}],"curies":[{"name":"wp","href":"https:\/\/api.w.org\/{rel}","templated":true}]}}

<p>Une heure avant notre réunion mensuelle, nous vous proposons de venir découvrir l&rsquo;exposition de Sylvain Charvet, nouvel adhérent de Grain d&rsquo;Pixel, à <a class="oajrlxb2 g5ia77u1 qu0x051f esr5mh6w e9989ue4 r7d6kgcz rq0escxv nhd2j8a9 nc684nl6 p7hjln8o kvgmc6g5 cxmmr5t8 oygrvhab hcukyx3x jb3vyjys rz4wbd8a qt6c0cv9 a8nywdso i1ao9s8h esuyzwwr f1sip0of lzcic4wl oo9gr5id gpro0wi8 lrazzd5p" tabindex="0" role="link" href="https://www.facebook.com/udaf25/">Udaf du Doubs</a> &#8211; Maison de la famille &#8211; 12 rue de la famille à Besançon</p>

<p>Une heure avant notre réunion mensuelle, nous vous proposons de venir découvrir l&rsquo;exposition de Sylvain Charvet, nouvel adhérent de Grain d&rsquo;Pixel, à Udaf du Doubs &#8211; Maison de la famille [&hellip;]</p>
