{"id":9516,"date":"2021-09-06T14:45:31","date_gmt":"2021-09-06T12:45:31","guid":{"rendered":"http:\/\/grain-dpixel.fr\/info\/?post_type=tribe_events&#038;p=9516"},"modified":"2021-09-06T14:45:31","modified_gmt":"2021-09-06T12:45:31","slug":"%e2%80%89la-foret-et-la-ville%e2%80%89-conference-debat-andrea-olga-mantovani-photographe-institut-superieur-des-beaux-arts","status":"publish","type":"tribe_events","link":"https:\/\/grain-dpixel.fr\/info\/event\/%e2%80%89la-foret-et-la-ville%e2%80%89-conference-debat-andrea-olga-mantovani-photographe-institut-superieur-des-beaux-arts\/","title":{"rendered":"\u00ab\u2009La for\u00eat et la ville\u2009\u00bb Conf\u00e9rence d\u00e9bat : Andr\u00e9a Olga Mantovani photographe &#8211; Institut Sup\u00e9rieur des Beaux-Arts"},"content":{"rendered":"<p>Institut Sup\u00e9rieur des Beaux-Arts \u2014 12 rue Denis Papin \u2014 Besan\u00e7on<br \/>\n17h30 \u00ab\u2009La for\u00eat et la ville\u2009\u00bb Conf\u00e9rence d\u00e9bat : Andr\u00e9a Olga Mantovani photographe, Val\u00e9rie Chartier urbaniste, Johnny Magnenet Forestier, un repr\u00e9sentant de la maison de l\u2019environnement.<\/p>\n<p>Pour tous renseignements et inscriptions :<\/p>\n<blockquote class=\"wp-embedded-content\" data-secret=\"qDMITF0Wsg\"><p><a href=\"https:\/\/grain-dpixel.fr\/info\/conferences-ateliers\/\">Conf\u00e9rences &#038; Ateliers<\/a><\/p><\/blockquote>\n<p><iframe class=\"wp-embedded-content\" sandbox=\"allow-scripts\" security=\"restricted\" style=\"position: absolute; clip: rect(1px, 1px, 1px, 1px);\" title=\"\u00ab\u00a0Conf\u00e9rences &#038; Ateliers\u00a0\u00bb &#8212; Grain d&#039;Pixel\" src=\"https:\/\/grain-dpixel.fr\/info\/conferences-ateliers\/embed\/#?secret=r8LuB12adF#?secret=qDMITF0Wsg\" data-secret=\"qDMITF0Wsg\" width=\"600\" height=\"338\" frameborder=\"0\" marginwidth=\"0\" marginheight=\"0\" scrolling=\"no\"><\/iframe><\/p>\n","protected":false},"excerpt":{"rendered":"<p>Institut Sup\u00e9rieur des Beaux-Arts \u2014 12 rue Denis Papin \u2014 Besan\u00e7on 17h30 \u00ab\u2009La for\u00eat et la ville\u2009\u00bb Conf\u00e9rence d\u00e9bat : Andr\u00e9a Olga Mantovani photographe, Val\u00e9rie Chartier urbaniste, Johnny Magnenet Forestier, [&hellip;]<\/p>\n","protected":false},"author":12,"featured_media":0,"comment_status":"open","ping_status":"closed","template":"","meta":{"_bbp_topic_count":0,"_bbp_reply_count":0,"_bbp_total_topic_count":0,"_bbp_total_reply_count":0,"_bbp_voice_count":0,"_bbp_anonymous_reply_count":0,"_bbp_topic_count_hidden":0,"_bbp_reply_count_hidden":0,"_bbp_forum_subforum_count":0,"_monsterinsights_skip_tracking":false,"_monsterinsights_sitenote_active":false,"_monsterinsights_sitenote_note":"","_monsterinsights_sitenote_category":0,"_tribe_events_status":"","_tribe_events_status_reason":"","footnotes":""},"tags":[],"tribe_events_cat":[32],"class_list":["post-9516","tribe_events","type-tribe_events","status-publish","hentry","tribe_events_cat-evenement-grain-dpixel","cat_evenement-grain-dpixel"],"jetpack_sharing_enabled":true,"_links":{"self":[{"href":"https:\/\/grain-dpixel.fr\/info\/wp-json\/wp\/v2\/tribe_events\/9516","targetHints":{"allow":["GET"]}}],"collection":[{"href":"https:\/\/grain-dpixel.fr\/info\/wp-json\/wp\/v2\/tribe_events"}],"about":[{"href":"https:\/\/grain-dpixel.fr\/info\/wp-json\/wp\/v2\/types\/tribe_events"}],"author":[{"embeddable":true,"href":"https:\/\/grain-dpixel.fr\/info\/wp-json\/wp\/v2\/users\/12"}],"replies":[{"embeddable":true,"href":"https:\/\/grain-dpixel.fr\/info\/wp-json\/wp\/v2\/comments?post=9516"}],"version-history":[{"count":1,"href":"https:\/\/grain-dpixel.fr\/info\/wp-json\/wp\/v2\/tribe_events\/9516\/revisions"}],"predecessor-version":[{"id":9517,"href":"https:\/\/grain-dpixel.fr\/info\/wp-json\/wp\/v2\/tribe_events\/9516\/revisions\/9517"}],"wp:attachment":[{"href":"https:\/\/grain-dpixel.fr\/info\/wp-json\/wp\/v2\/media?parent=9516"}],"wp:term":[{"taxonomy":"post_tag","embeddable":true,"href":"https:\/\/grain-dpixel.fr\/info\/wp-json\/wp\/v2\/tags?post=9516"},{"taxonomy":"tribe_events_cat","embeddable":true,"href":"https:\/\/grain-dpixel.fr\/info\/wp-json\/wp\/v2\/tribe_events_cat?post=9516"}],"curies":[{"name":"wp","href":"https:\/\/api.w.org\/{rel}","templated":true}]}}

« La forêt et la ville » Conférence débat : Andréa Olga Mantovani photographe &#8211; Institut Supérieur des Beaux-Arts

<p>Institut Supérieur des Beaux-Arts — 12 rue Denis Papin — Besançon<br />
17h30 « La forêt et la ville » Conférence débat : Andréa Olga Mantovani photographe, Valérie Chartier urbaniste, Johnny Magnenet Forestier, un représentant de la maison de l’environnement.</p>
<p>Pour tous renseignements et inscriptions :</p>
<blockquote class="wp-embedded-content" data-secret="qDMITF0Wsg"><p><a href="https://grain-dpixel.fr/info/conferences-ateliers/">Conférences &#038; Ateliers</a></p></blockquote>
<p><iframe class="wp-embedded-content" sandbox="allow-scripts" security="restricted" style="position: absolute; clip: rect(1px, 1px, 1px, 1px);" title="« Conférences &#038; Ateliers » &#8212; Grain d&#039;Pixel" src="https://grain-dpixel.fr/info/conferences-ateliers/embed/#?secret=r8LuB12adF#?secret=qDMITF0Wsg" data-secret="qDMITF0Wsg" width="600" height="338" frameborder="0" marginwidth="0" marginheight="0" scrolling="no"></iframe></p>

<p>Institut Supérieur des Beaux-Arts — 12 rue Denis Papin — Besançon 17h30 « La forêt et la ville » Conférence débat : Andréa Olga Mantovani photographe, Valérie Chartier urbaniste, Johnny Magnenet Forestier, [&hellip;]</p>
