{"id":9012,"date":"2021-06-21T20:56:57","date_gmt":"2021-06-21T18:56:57","guid":{"rendered":"http:\/\/grain-dpixel.fr\/info\/?post_type=tribe_events&#038;p=9012"},"modified":"2021-06-21T20:56:57","modified_gmt":"2021-06-21T18:56:57","slug":"conference-fabien-greban-gardiens-des-prairies","status":"publish","type":"tribe_events","link":"https:\/\/grain-dpixel.fr\/info\/event\/conference-fabien-greban-gardiens-des-prairies\/","title":{"rendered":"CONF\u00c9RENCE &#8211; Fabien GR\u00c9BAN \u00ab\u00a0Gardiens des prairies\u00a0\u00bb"},"content":{"rendered":"<p>La Maison de l&rsquo;Environnement BFC* organise une conf\u00e9rence avec Fabien Gr\u00e9ban.<br \/>\nIl viendra pr\u00e9senter son ouvrage \u00ab\u00a0Gardiens des prairies\u00a0\u00bb, o\u00f9 il met en valeur le massif du Jura, sa terre d&rsquo;adoption.<br \/>\nLe travail de ce photographe animalier nous aide \u00e0 prendre conscience de la beaut\u00e9 et de la fragilit\u00e9 de notre environnement proche.<\/p>\n<p>Inscriptions obligatoires :<br \/>\n<a href=\"https:\/\/grain-dpixel.us12.list-manage.com\/track\/click?u=52274a8d5696ecc1b18e602cf&amp;id=72418bcc27&amp;e=373220b3e9\">https:\/\/framaforms.org\/inscription-conference-fabien-greban-gardiens-des-prairies-1623070442<\/a><\/p>\n<p>*7 rue voirin (\u00e0 proximit\u00e9 de la place Leclerc)<\/p>\n","protected":false},"excerpt":{"rendered":"<p>La Maison de l&rsquo;Environnement BFC* organise une conf\u00e9rence avec Fabien Gr\u00e9ban. Il viendra pr\u00e9senter son ouvrage \u00ab\u00a0Gardiens des prairies\u00a0\u00bb, o\u00f9 il met en valeur le massif du Jura, sa terre [&hellip;]<\/p>\n","protected":false},"author":76,"featured_media":0,"comment_status":"open","ping_status":"closed","template":"","meta":{"_bbp_topic_count":0,"_bbp_reply_count":0,"_bbp_total_topic_count":0,"_bbp_total_reply_count":0,"_bbp_voice_count":0,"_bbp_anonymous_reply_count":0,"_bbp_topic_count_hidden":0,"_bbp_reply_count_hidden":0,"_bbp_forum_subforum_count":0,"_monsterinsights_skip_tracking":false,"_monsterinsights_sitenote_active":false,"_monsterinsights_sitenote_note":"","_monsterinsights_sitenote_category":0,"_tribe_events_status":"","_tribe_events_status_reason":"","footnotes":""},"tags":[],"tribe_events_cat":[],"class_list":["post-9012","tribe_events","type-tribe_events","status-publish","hentry"],"jetpack_sharing_enabled":true,"_links":{"self":[{"href":"https:\/\/grain-dpixel.fr\/info\/wp-json\/wp\/v2\/tribe_events\/9012","targetHints":{"allow":["GET"]}}],"collection":[{"href":"https:\/\/grain-dpixel.fr\/info\/wp-json\/wp\/v2\/tribe_events"}],"about":[{"href":"https:\/\/grain-dpixel.fr\/info\/wp-json\/wp\/v2\/types\/tribe_events"}],"author":[{"embeddable":true,"href":"https:\/\/grain-dpixel.fr\/info\/wp-json\/wp\/v2\/users\/76"}],"replies":[{"embeddable":true,"href":"https:\/\/grain-dpixel.fr\/info\/wp-json\/wp\/v2\/comments?post=9012"}],"version-history":[{"count":1,"href":"https:\/\/grain-dpixel.fr\/info\/wp-json\/wp\/v2\/tribe_events\/9012\/revisions"}],"predecessor-version":[{"id":9013,"href":"https:\/\/grain-dpixel.fr\/info\/wp-json\/wp\/v2\/tribe_events\/9012\/revisions\/9013"}],"wp:attachment":[{"href":"https:\/\/grain-dpixel.fr\/info\/wp-json\/wp\/v2\/media?parent=9012"}],"wp:term":[{"taxonomy":"post_tag","embeddable":true,"href":"https:\/\/grain-dpixel.fr\/info\/wp-json\/wp\/v2\/tags?post=9012"},{"taxonomy":"tribe_events_cat","embeddable":true,"href":"https:\/\/grain-dpixel.fr\/info\/wp-json\/wp\/v2\/tribe_events_cat?post=9012"}],"curies":[{"name":"wp","href":"https:\/\/api.w.org\/{rel}","templated":true}]}}

CONFÉRENCE &#8211; Fabien GRÉBAN « Gardiens des prairies »

<p>La Maison de l&rsquo;Environnement BFC* organise une conférence avec Fabien Gréban.<br />
Il viendra présenter son ouvrage « Gardiens des prairies », où il met en valeur le massif du Jura, sa terre d&rsquo;adoption.<br />
Le travail de ce photographe animalier nous aide à prendre conscience de la beauté et de la fragilité de notre environnement proche.</p>
<p>Inscriptions obligatoires :<br />
<a href="https://grain-dpixel.us12.list-manage.com/track/click?u=52274a8d5696ecc1b18e602cf&amp;id=72418bcc27&amp;e=373220b3e9">https://framaforms.org/inscription-conference-fabien-greban-gardiens-des-prairies-1623070442</a></p>
<p>*7 rue voirin (à proximité de la place Leclerc)</p>

<p>La Maison de l&rsquo;Environnement BFC* organise une conférence avec Fabien Gréban. Il viendra présenter son ouvrage « Gardiens des prairies », où il met en valeur le massif du Jura, sa terre [&hellip;]</p>
