{"id":8034,"date":"2020-06-03T19:25:39","date_gmt":"2020-06-03T17:25:39","guid":{"rendered":"http:\/\/grain-dpixel.fr\/info\/?post_type=tribe_events&#038;p=8034"},"modified":"2020-06-05T08:06:19","modified_gmt":"2020-06-05T06:06:19","slug":"visite-de-lexpo-face-a-face-au-musee-des-maisons-comtoises","status":"publish","type":"tribe_events","link":"https:\/\/grain-dpixel.fr\/info\/event\/visite-de-lexpo-face-a-face-au-musee-des-maisons-comtoises\/","title":{"rendered":"Visite de l&rsquo;expo Face \u00e0 face au mus\u00e9e des Maisons Comtoises"},"content":{"rendered":"<p>Tous les membres de l&rsquo;association sont invit\u00e9s par le mus\u00e9e pour cette visite.<\/p>\n<p>Rendez-vous au mus\u00e9e \u00e0 11h00<br \/>\nVisite de l&rsquo;exposition<br \/>\nPique-nique sur place<br \/>\nVisite du mus\u00e9e et s\u00e9ance de prise de vues<\/p>\n<p>Si vous n&rsquo;\u00eates pas membre de l&rsquo;association, vous pouvez choisir cette date pour visiter le Mus\u00e9e et l&rsquo;exposition. Ce sera l&rsquo;occasion de discuter avec les photographes auteurs des photos expos\u00e9es.<\/p>\n","protected":false},"excerpt":{"rendered":"<p>Tous les membres de l&rsquo;association sont invit\u00e9s par le mus\u00e9e pour cette visite. Rendez-vous au mus\u00e9e \u00e0 11h00 Visite de l&rsquo;exposition Pique-nique sur place Visite du mus\u00e9e et s\u00e9ance de [&hellip;]<\/p>\n","protected":false},"author":1,"featured_media":8036,"comment_status":"open","ping_status":"closed","template":"","meta":{"_bbp_topic_count":0,"_bbp_reply_count":0,"_bbp_total_topic_count":0,"_bbp_total_reply_count":0,"_bbp_voice_count":0,"_bbp_anonymous_reply_count":0,"_bbp_topic_count_hidden":0,"_bbp_reply_count_hidden":0,"_bbp_forum_subforum_count":0,"_monsterinsights_skip_tracking":false,"_monsterinsights_sitenote_active":false,"_monsterinsights_sitenote_note":"","_monsterinsights_sitenote_category":0,"_tribe_events_status":"","_tribe_events_status_reason":"","footnotes":""},"tags":[],"tribe_events_cat":[13,12],"class_list":["post-8034","tribe_events","type-tribe_events","status-publish","has-post-thumbnail","hentry","tribe_events_cat-sortie-photo","tribe_events_cat-visite-expo","cat_sortie-photo","cat_visite-expo"],"jetpack_sharing_enabled":true,"_links":{"self":[{"href":"https:\/\/grain-dpixel.fr\/info\/wp-json\/wp\/v2\/tribe_events\/8034","targetHints":{"allow":["GET"]}}],"collection":[{"href":"https:\/\/grain-dpixel.fr\/info\/wp-json\/wp\/v2\/tribe_events"}],"about":[{"href":"https:\/\/grain-dpixel.fr\/info\/wp-json\/wp\/v2\/types\/tribe_events"}],"author":[{"embeddable":true,"href":"https:\/\/grain-dpixel.fr\/info\/wp-json\/wp\/v2\/users\/1"}],"replies":[{"embeddable":true,"href":"https:\/\/grain-dpixel.fr\/info\/wp-json\/wp\/v2\/comments?post=8034"}],"version-history":[{"count":4,"href":"https:\/\/grain-dpixel.fr\/info\/wp-json\/wp\/v2\/tribe_events\/8034\/revisions"}],"predecessor-version":[{"id":8042,"href":"https:\/\/grain-dpixel.fr\/info\/wp-json\/wp\/v2\/tribe_events\/8034\/revisions\/8042"}],"wp:featuredmedia":[{"embeddable":true,"href":"https:\/\/grain-dpixel.fr\/info\/wp-json\/wp\/v2\/media\/8036"}],"wp:attachment":[{"href":"https:\/\/grain-dpixel.fr\/info\/wp-json\/wp\/v2\/media?parent=8034"}],"wp:term":[{"taxonomy":"post_tag","embeddable":true,"href":"https:\/\/grain-dpixel.fr\/info\/wp-json\/wp\/v2\/tags?post=8034"},{"taxonomy":"tribe_events_cat","embeddable":true,"href":"https:\/\/grain-dpixel.fr\/info\/wp-json\/wp\/v2\/tribe_events_cat?post=8034"}],"curies":[{"name":"wp","href":"https:\/\/api.w.org\/{rel}","templated":true}]}}

Visite de l&rsquo;expo Face à face au musée des Maisons Comtoises

<p>Tous les membres de l&rsquo;association sont invités par le musée pour cette visite.</p>
<p>Rendez-vous au musée à 11h00<br />
Visite de l&rsquo;exposition<br />
Pique-nique sur place<br />
Visite du musée et séance de prise de vues</p>
<p>Si vous n&rsquo;êtes pas membre de l&rsquo;association, vous pouvez choisir cette date pour visiter le Musée et l&rsquo;exposition. Ce sera l&rsquo;occasion de discuter avec les photographes auteurs des photos exposées.</p>

<p>Tous les membres de l&rsquo;association sont invités par le musée pour cette visite. Rendez-vous au musée à 11h00 Visite de l&rsquo;exposition Pique-nique sur place Visite du musée et séance de [&hellip;]</p>
