{"id":7072,"date":"2019-05-16T21:47:09","date_gmt":"2019-05-16T19:47:09","guid":{"rendered":"http:\/\/grain-dpixel.fr\/info\/?post_type=tribe_events&#038;p=7072"},"modified":"2019-05-25T19:46:19","modified_gmt":"2019-05-25T17:46:19","slug":"sortie-jardin-acorus-a-autoreille","status":"publish","type":"tribe_events","link":"https:\/\/grain-dpixel.fr\/info\/event\/sortie-jardin-acorus-a-autoreille\/","title":{"rendered":"Sortie Jardin Acorus \u00e0 Autoreille (70)"},"content":{"rendered":"<p>Sortie photo nature dans un jardin aquatique, r\u00e9serv\u00e9e aux adh\u00e9rents.<\/p>\n<p><strong>R\u00e9servation obligatoire avant le 29\/05<\/strong>, ci dessous dans les commentaires, car nous b\u00e9n\u00e9ficions d&rsquo;un pass ouverture d\u00e8s 7h30 (au lieu de 10h).<\/p>\n<p>Entr\u00e9e = 7\u20ac par personne, ch\u00e8que ou esp\u00e8ces seulement<\/p>\n<p>D\u00e9part 6h45, parking palais des sports, Besan\u00e7on (40mn de trajet) &#8211; Covoiturage \u00e0 organiser ci-dessous dans les com (notez si vous proposez\/souhaitez une place)<\/p>\n<p>Inscrivez-vous dans les commentaires, venez et on organise les v\u00e9hicules sur place, m\u00eame si on ne revient pas donner de r\u00e9ponse ici \ud83d\ude09<\/p>\n<p>&nbsp;<\/p>\n","protected":false},"excerpt":{"rendered":"<p>Sortie photo nature dans un jardin aquatique, r\u00e9serv\u00e9e aux adh\u00e9rents. R\u00e9servation obligatoire avant le 29\/05, ci dessous dans les commentaires, car nous b\u00e9n\u00e9ficions d&rsquo;un pass ouverture d\u00e8s 7h30 (au lieu [&hellip;]<\/p>\n","protected":false},"author":1,"featured_media":0,"comment_status":"open","ping_status":"closed","template":"","meta":{"_bbp_topic_count":0,"_bbp_reply_count":0,"_bbp_total_topic_count":0,"_bbp_total_reply_count":0,"_bbp_voice_count":0,"_bbp_anonymous_reply_count":0,"_bbp_topic_count_hidden":0,"_bbp_reply_count_hidden":0,"_bbp_forum_subforum_count":0,"_monsterinsights_skip_tracking":false,"_monsterinsights_sitenote_active":false,"_monsterinsights_sitenote_note":"","_monsterinsights_sitenote_category":0,"_tribe_events_status":"","_tribe_events_status_reason":"","footnotes":""},"tags":[106,105,29],"tribe_events_cat":[13],"class_list":["post-7072","tribe_events","type-tribe_events","status-publish","hentry","tag-acorus","tag-photo-nature","tag-sortie","tribe_events_cat-sortie-photo","cat_sortie-photo"],"jetpack_sharing_enabled":true,"_links":{"self":[{"href":"https:\/\/grain-dpixel.fr\/info\/wp-json\/wp\/v2\/tribe_events\/7072","targetHints":{"allow":["GET"]}}],"collection":[{"href":"https:\/\/grain-dpixel.fr\/info\/wp-json\/wp\/v2\/tribe_events"}],"about":[{"href":"https:\/\/grain-dpixel.fr\/info\/wp-json\/wp\/v2\/types\/tribe_events"}],"author":[{"embeddable":true,"href":"https:\/\/grain-dpixel.fr\/info\/wp-json\/wp\/v2\/users\/1"}],"replies":[{"embeddable":true,"href":"https:\/\/grain-dpixel.fr\/info\/wp-json\/wp\/v2\/comments?post=7072"}],"version-history":[{"count":4,"href":"https:\/\/grain-dpixel.fr\/info\/wp-json\/wp\/v2\/tribe_events\/7072\/revisions"}],"predecessor-version":[{"id":7141,"href":"https:\/\/grain-dpixel.fr\/info\/wp-json\/wp\/v2\/tribe_events\/7072\/revisions\/7141"}],"wp:attachment":[{"href":"https:\/\/grain-dpixel.fr\/info\/wp-json\/wp\/v2\/media?parent=7072"}],"wp:term":[{"taxonomy":"post_tag","embeddable":true,"href":"https:\/\/grain-dpixel.fr\/info\/wp-json\/wp\/v2\/tags?post=7072"},{"taxonomy":"tribe_events_cat","embeddable":true,"href":"https:\/\/grain-dpixel.fr\/info\/wp-json\/wp\/v2\/tribe_events_cat?post=7072"}],"curies":[{"name":"wp","href":"https:\/\/api.w.org\/{rel}","templated":true}]}}

Sortie Jardin Acorus à Autoreille (70)

<p>Sortie photo nature dans un jardin aquatique, réservée aux adhérents.</p>
<p><strong>Réservation obligatoire avant le 29/05</strong>, ci dessous dans les commentaires, car nous bénéficions d&rsquo;un pass ouverture dès 7h30 (au lieu de 10h).</p>
<p>Entrée = 7€ par personne, chèque ou espèces seulement</p>
<p>Départ 6h45, parking palais des sports, Besançon (40mn de trajet) &#8211; Covoiturage à organiser ci-dessous dans les com (notez si vous proposez/souhaitez une place)</p>
<p>Inscrivez-vous dans les commentaires, venez et on organise les véhicules sur place, même si on ne revient pas donner de réponse ici 😉</p>
<p>&nbsp;</p>

<p>Sortie photo nature dans un jardin aquatique, réservée aux adhérents. Réservation obligatoire avant le 29/05, ci dessous dans les commentaires, car nous bénéficions d&rsquo;un pass ouverture dès 7h30 (au lieu [&hellip;]</p>
