{"id":17690,"date":"2026-01-20T14:24:27","date_gmt":"2026-01-20T13:24:27","guid":{"rendered":"https:\/\/grain-dpixel.fr\/info\/?post_type=tribe_events&#038;p=17690"},"modified":"2026-01-20T14:27:37","modified_gmt":"2026-01-20T13:27:37","slug":"les-bases-de-la-photo-ouverture-profondeur-de-champ-et-flou-maitrise","status":"publish","type":"tribe_events","link":"https:\/\/grain-dpixel.fr\/info\/event\/les-bases-de-la-photo-ouverture-profondeur-de-champ-et-flou-maitrise\/","title":{"rendered":"Les bases de la photo &#8211;  Ouverture, profondeur de champ et flou maitris\u00e9"},"content":{"rendered":"<h1><strong>Les bases de la photo &#8211; Ouverture, profondeur de champ et flou maitris\u00e9<\/strong><\/h1>\n<h2><strong>Par Florian Houdelot &#8211; WhisperSight Photographie<\/strong><\/h2>\n<p><em><strong>Ma\u00eetriser ce qui est net, ce qui ne l\u2019est pas \u2014 et pourquoi<\/strong><\/em><\/p>\n<h2><strong>But<\/strong><\/h2>\n<p>Cette journ\u00e9e est consacr\u00e9e \u00e0 la ma\u00eetrise du net et du flou, un \u00e9l\u00e9ment fondamental pour diriger le regard et donner du sens \u00e0 une image. L\u2019ouverture devient ici un outil de d\u00e9cision\u00a0: profondeur de champ, s\u00e9paration des plans, textures, transitions.<\/p>\n<h2><strong>Programme<\/strong><\/h2>\n<p>\u27a2\u00a0Accueil et briefing (~30min)<br \/>\n\u27a2\u00a0Apports th\u00e9oriques (~1h)\u00a0: La profondeur de champ au service du langage visuel.<br \/>\n\u27a2\u00a0Exercices techniques (~3h)\u00a0: en ext\u00e9rieur, dans un environnement mixte\u00a0: ruelles, parcs, v\u00e9g\u00e9tation l\u00e9g\u00e8re, portraits.<br \/>\n\u27a2\u00a0Focus techniques en situation (~1h)\u00a0: Comment choisir son ouverture selon l\u2019intention.<br \/>\n\u27a2\u00a0D\u00e9brief collectif et \u00e9changes (~1h)\u00a0: retour sur les images produites, v\u00e9rification des acquis, conseils pour consolider les bases et continuer \u00e0 progresser.<\/p>\n<h2><strong style=\"font-size: 16px;\">Public concern\u00e9<\/strong><\/h2>\n<p>Ouvert aux d\u00e9butants. Aucun pr\u00e9requis technique<\/p>\n<h3><strong>Plus de renseignements : <\/strong><span style=\"color: #0000ff;\"><a style=\"color: #0000ff;\" href=\"https:\/\/grain-d-pixel-association-pour-la-photographie.assoconnect.com\/collect\/description\/666125-m-les-bases-de-la-photo-ouverture-profondeur-de-champ-et-flou-maitrise\" target=\"_blank\" rel=\"noopener\">En cliquant ici<\/a><\/span><\/h3>\n<h2><strong>Tarif<\/strong><\/h2>\n<p class=\"wp-block-heading\"><span style=\"color: #000000;\">Tarif\u00a0 non-adh\u00e9rent Grain d\u2019Pixel = 150 \u20ac<\/span><\/p>\n<p class=\"wp-block-heading has-vivid-red-color has-text-color\"><span style=\"color: #000000;\"><strong>Tarif\u00a0 adh\u00e9rent Grain d\u2019Pixel = 125 \u20ac.\u00a0<\/strong><\/span><\/p>\n<p class=\"wp-block-heading has-vivid-red-color has-text-color\"><span style=\"color: #000000;\">Rappel : le montant de l\u2019adh\u00e9sion est de 40 \u20ac.<\/span><\/p>\n<p class=\"wp-block-heading has-vivid-red-color has-text-color\"><span style=\"color: #000000;\"><strong>\u2014-&gt; <a style=\"color: #000000;\" href=\"https:\/\/grain-d-pixel-association-pour-la-photographie.assoconnect.com\/collect\/description\/650352-y-adhesion-2026\" target=\"_blank\" rel=\"noreferrer noopener\">Pour adh\u00e9rer<\/a>.<\/strong><\/span><\/p>\n<p class=\"wp-block-heading\">Paiement possible en 2 fois sans frais<\/p>\n<h3><strong>Plus de renseignements et inscription :\u00a0<\/strong>\u00a0<span style=\"color: #0000ff;\"><a style=\"color: #0000ff;\" href=\"https:\/\/grain-d-pixel-association-pour-la-photographie.assoconnect.com\/collect\/description\/666125-m-les-bases-de-la-photo-ouverture-profondeur-de-champ-et-flou-maitrise\" target=\"_blank\" rel=\"noreferrer noopener\">En cliquant ici<\/a><\/span><\/h3>\n","protected":false},"excerpt":{"rendered":"<p>Les bases de la photo &#8211; Ouverture, profondeur de champ et flou maitris\u00e9 Par Florian Houdelot &#8211; WhisperSight Photographie Ma\u00eetriser ce qui est net, ce qui ne l\u2019est pas \u2014 [&hellip;]<\/p>\n","protected":false},"author":4,"featured_media":17691,"comment_status":"open","ping_status":"closed","template":"","meta":{"_bbp_topic_count":0,"_bbp_reply_count":0,"_bbp_total_topic_count":0,"_bbp_total_reply_count":0,"_bbp_voice_count":0,"_bbp_anonymous_reply_count":0,"_bbp_topic_count_hidden":0,"_bbp_reply_count_hidden":0,"_bbp_forum_subforum_count":0,"_monsterinsights_skip_tracking":false,"_monsterinsights_sitenote_active":false,"_monsterinsights_sitenote_note":"","_monsterinsights_sitenote_category":0,"_tribe_events_status":"","_tribe_events_status_reason":"","footnotes":""},"tags":[244,267,268,176,203],"tribe_events_cat":[172,171],"class_list":["post-17690","tribe_events","type-tribe_events","status-publish","has-post-thumbnail","hentry","tag-catalogue-des-stages","tag-ouverture","tag-profondeur-de-champ","tag-stage","tag-stage-photo","tribe_events_cat-catalogue","tribe_events_cat-stage","cat_catalogue","cat_stage"],"jetpack_sharing_enabled":true,"_links":{"self":[{"href":"https:\/\/grain-dpixel.fr\/info\/wp-json\/wp\/v2\/tribe_events\/17690","targetHints":{"allow":["GET"]}}],"collection":[{"href":"https:\/\/grain-dpixel.fr\/info\/wp-json\/wp\/v2\/tribe_events"}],"about":[{"href":"https:\/\/grain-dpixel.fr\/info\/wp-json\/wp\/v2\/types\/tribe_events"}],"author":[{"embeddable":true,"href":"https:\/\/grain-dpixel.fr\/info\/wp-json\/wp\/v2\/users\/4"}],"replies":[{"embeddable":true,"href":"https:\/\/grain-dpixel.fr\/info\/wp-json\/wp\/v2\/comments?post=17690"}],"version-history":[{"count":3,"href":"https:\/\/grain-dpixel.fr\/info\/wp-json\/wp\/v2\/tribe_events\/17690\/revisions"}],"predecessor-version":[{"id":17693,"href":"https:\/\/grain-dpixel.fr\/info\/wp-json\/wp\/v2\/tribe_events\/17690\/revisions\/17693"}],"wp:featuredmedia":[{"embeddable":true,"href":"https:\/\/grain-dpixel.fr\/info\/wp-json\/wp\/v2\/media\/17691"}],"wp:attachment":[{"href":"https:\/\/grain-dpixel.fr\/info\/wp-json\/wp\/v2\/media?parent=17690"}],"wp:term":[{"taxonomy":"post_tag","embeddable":true,"href":"https:\/\/grain-dpixel.fr\/info\/wp-json\/wp\/v2\/tags?post=17690"},{"taxonomy":"tribe_events_cat","embeddable":true,"href":"https:\/\/grain-dpixel.fr\/info\/wp-json\/wp\/v2\/tribe_events_cat?post=17690"}],"curies":[{"name":"wp","href":"https:\/\/api.w.org\/{rel}","templated":true}]}}

Les bases de la photo &#8211;  Ouverture, profondeur de champ et flou maitrisé

<h1><strong>Les bases de la photo &#8211; Ouverture, profondeur de champ et flou maitrisé</strong></h1>
<h2><strong>Par Florian Houdelot &#8211; WhisperSight Photographie</strong></h2>
<p><em><strong>Maîtriser ce qui est net, ce qui ne l’est pas — et pourquoi</strong></em></p>
<h2><strong>But</strong></h2>
<p>Cette journée est consacrée à la maîtrise du net et du flou, un élément fondamental pour diriger le regard et donner du sens à une image. L’ouverture devient ici un outil de décision : profondeur de champ, séparation des plans, textures, transitions.</p>
<h2><strong>Programme</strong></h2>
<p>➢ Accueil et briefing (~30min)<br />
➢ Apports théoriques (~1h) : La profondeur de champ au service du langage visuel.<br />
➢ Exercices techniques (~3h) : en extérieur, dans un environnement mixte : ruelles, parcs, végétation légère, portraits.<br />
➢ Focus techniques en situation (~1h) : Comment choisir son ouverture selon l’intention.<br />
➢ Débrief collectif et échanges (~1h) : retour sur les images produites, vérification des acquis, conseils pour consolider les bases et continuer à progresser.</p>
<h2><strong style="font-size: 16px;">Public concerné</strong></h2>
<p>Ouvert aux débutants. Aucun prérequis technique</p>
<h3><strong>Plus de renseignements : </strong><span style="color: #0000ff;"><a style="color: #0000ff;" href="https://grain-d-pixel-association-pour-la-photographie.assoconnect.com/collect/description/666125-m-les-bases-de-la-photo-ouverture-profondeur-de-champ-et-flou-maitrise" target="_blank" rel="noopener">En cliquant ici</a></span></h3>
<h2><strong>Tarif</strong></h2>
<p class="wp-block-heading"><span style="color: #000000;">Tarif  non-adhérent Grain d’Pixel = 150 €</span></p>
<p class="wp-block-heading has-vivid-red-color has-text-color"><span style="color: #000000;"><strong>Tarif  adhérent Grain d’Pixel = 125 €. </strong></span></p>
<p class="wp-block-heading has-vivid-red-color has-text-color"><span style="color: #000000;">Rappel : le montant de l’adhésion est de 40 €.</span></p>
<p class="wp-block-heading has-vivid-red-color has-text-color"><span style="color: #000000;"><strong>—-&gt; <a style="color: #000000;" href="https://grain-d-pixel-association-pour-la-photographie.assoconnect.com/collect/description/650352-y-adhesion-2026" target="_blank" rel="noreferrer noopener">Pour adhérer</a>.</strong></span></p>
<p class="wp-block-heading">Paiement possible en 2 fois sans frais</p>
<h3><strong>Plus de renseignements et inscription : </strong> <span style="color: #0000ff;"><a style="color: #0000ff;" href="https://grain-d-pixel-association-pour-la-photographie.assoconnect.com/collect/description/666125-m-les-bases-de-la-photo-ouverture-profondeur-de-champ-et-flou-maitrise" target="_blank" rel="noreferrer noopener">En cliquant ici</a></span></h3>

<p>Les bases de la photo &#8211; Ouverture, profondeur de champ et flou maitrisé Par Florian Houdelot &#8211; WhisperSight Photographie Maîtriser ce qui est net, ce qui ne l’est pas — [&hellip;]</p>
