{"id":15657,"date":"2024-04-28T13:47:29","date_gmt":"2024-04-28T11:47:29","guid":{"rendered":"https:\/\/grain-dpixel.fr\/info\/?post_type=tribe_events&#038;p=15657"},"modified":"2024-06-20T18:06:52","modified_gmt":"2024-06-20T16:06:52","slug":"masterclass-apprendre-a-preparer-la-scenographie-de-son-travail-photographique-par-francois-rastoll","status":"publish","type":"tribe_events","link":"https:\/\/grain-dpixel.fr\/info\/event\/masterclass-apprendre-a-preparer-la-scenographie-de-son-travail-photographique-par-francois-rastoll\/","title":{"rendered":"Masterclass \u2013 Apprendre \u00e0 pr\u00e9parer la sc\u00e9nographie de son travail photographique par Fran\u00e7ois Rastoll"},"content":{"rendered":"<h2><span style=\"color: #0000ff;\"><strong>Animateur : Fran\u00e7ois Rastoll<\/strong><\/span><\/h2>\n<p>Fran\u00e7ois RASTOLL est directeur de la galerie qui porte son nom depuis 9\u00a0ans. Artiste, sc\u00e9nographe, auteur-photographe, ma\u00eetre de stage et peintre.<\/p>\n<p>Son regard \u00e9clair\u00e9 sur le march\u00e9 de l\u2019art en fait un r\u00e9f\u00e9rent pour\u00a0beaucoup de collectionneurs qui lui confient depuis plusieurs ann\u00e9es la\u00a0gestion de la composition de leurs collections d\u2019\u0153uvres\u00a0photographiques, mais \u00e9galement de c\u00e9ramiques ou de peintures.<\/p>\n<p>Il propose des masterclass et workshop sur diff\u00e9rents sujets qui\u00a0touchent \u00e0 la mise en valeur d\u2019un projet artistique.<\/p>\n<p>Aujourd\u2019hui, il photographie sa vision du monde de mani\u00e8re brute et directe mais toujours avec cette part d\u2019imaginaire et de po\u00e9sie.<\/p>\n<p>En parall\u00e8le il est invit\u00e9 pour des conf\u00e9rences sur la sc\u00e9nographie en photographie ce qui donna lieu en octobre 2018 \u00e0 la sortie du livre intitul\u00e9 \u00ab\u00a0Sc\u00e9nographier une exposition de photographie\u00a0\u00bb\u00a0aux Editions Eyrolles.<\/p>\n<p>Fran\u00e7ois Rastoll vous fera b\u00e9n\u00e9ficier de son savoir et vous guidera pas \u00e0 pas dans votre projet.<\/p>\n<h2><span style=\"color: #0000ff;\"><strong>D\u00e9roulement<\/strong><\/span><\/h2>\n<p><span style=\"color: #000000;\"><strong><em>Cette masterclass\u00a0 se d\u00e9roule sur un week-end.<\/em><\/strong><\/span><\/p>\n<h4><strong>1er Jour<\/strong><\/h4>\n<p>\u2013 Accueil des participants<\/p>\n<p>\u2013 Qu\u2019est-ce qu\u2019une bonne sc\u00e9nographie = comment \u00e9viter de confondre\u00a0sc\u00e9nographie et mise en sc\u00e8ne<\/p>\n<p>\u2013 Rappel\u00a0\u00a0: De la qualit\u00e9 de l\u2019\u00e9diting d\u00e9pendra la sc\u00e9nographie<\/p>\n<p>\u2013 Identifier les images fortes et les images de liaison<\/p>\n<p>\u2013 Sc\u00e9nographie et narration de ce que l\u2019on veut raconter<\/p>\n<p>\u2013 Construction de base de la sc\u00e9nographie<\/p>\n<p>\u2013 S\u00e9lection des images\u00a0: Exposition d\u2019une seul s\u00e9rie ou de plusieurs s\u00e9ries ou encore de\u00a0diff\u00e9rents artistes.<\/p>\n<p><strong>2\u00e8me Jour<\/strong><\/p>\n<p>\u2013 Sc\u00e9nographie en fonction des lieux d\u2019exposition<\/p>\n<p>\u2013 Sc\u00e9nographie d\u2019une exposition en fonction de son th\u00e8me<\/p>\n<p>\u2013 Les diff\u00e9rents types de sc\u00e9nographie<\/p>\n<p>\u2013 Comment bien pr\u00e9parer une sc\u00e9nographie<\/p>\n<p>\u2013 Exercice pratique de sc\u00e9nographie<\/p>\n<p>\u2013 Conclusion<\/p>\n<h2><span style=\"color: #0000ff;\"><strong>Date<\/strong><\/span><\/h2>\n<p>22 &amp; 23 juin de 9h00 \u00e0 12h00 et de 13h30 \u00e0 18h00<\/p>\n<h2><span style=\"color: #0000ff;\">Observation<\/span><\/h2>\n<h3><span style=\"color: #ff0000;\"><strong><em>Cette session s&rsquo;adresse \u00e0 des personnes qui ont d\u00e9j\u00e0 r\u00e9alis\u00e9 l&rsquo;editing de leur projet .<\/em><\/strong><\/span><\/h3>\n<h3><span style=\"color: #ff0000;\"><strong><em>L&rsquo;ensemble du workshop sera r\u00e9alis\u00e9 avec les images des\u00a0participants. Les photos doivent, id\u00e9alement, \u00eatre en tirage de lecture 10&#215;15 cm.<\/em><\/strong><\/span><\/h3>\n<h2><span style=\"color: #0000ff;\"><strong>Tarif<\/strong><\/span><\/h2>\n<h3>Tarif\u00a0 non-adh\u00e9rent Grain d\u2019Pixel = 200 \u20ac<\/h3>\n<h3>Tarif\u00a0 adh\u00e9rent Grain d\u2019Pixel = 160 \u20ac<\/h3>\n<h3>Paiement possible en 2 fois sans frais<\/h3>\n<h2><span style=\"color: #0000ff;\"><strong>Inscription<\/strong><\/span><\/h2>\n<h3>\u00a0<a href=\"https:\/\/grain-d-pixel-association-pour-la-photographie.assoconnect.com\/collect\/description\/421446-m-apprendre-a-preparer-la-scenographie-de-son-travail-photographique-francois-rastoll\" target=\"_blank\" rel=\"noopener\">En cliquant ici<\/a><\/h3>\n<h3>Rappel : le montant de l\u2019adh\u00e9sion est de 35 \u20ac \u2014-&gt;\u00a0<a href=\"https:\/\/grain-dpixel.fr\/info\/adhesion\/#iframe_assoconnect\" target=\"_blank\" rel=\"noopener\">Pour adh\u00e9rer<\/a>.<\/h3>\n","protected":false},"excerpt":{"rendered":"<p>Animateur : Fran\u00e7ois Rastoll Fran\u00e7ois RASTOLL est directeur de la galerie qui porte son nom depuis 9\u00a0ans. Artiste, sc\u00e9nographe, auteur-photographe, ma\u00eetre de stage et peintre. Son regard \u00e9clair\u00e9 sur le [&hellip;]<\/p>\n","protected":false},"author":4,"featured_media":15465,"comment_status":"open","ping_status":"closed","template":"","meta":{"_bbp_topic_count":0,"_bbp_reply_count":0,"_bbp_total_topic_count":0,"_bbp_total_reply_count":0,"_bbp_voice_count":0,"_bbp_anonymous_reply_count":0,"_bbp_topic_count_hidden":0,"_bbp_reply_count_hidden":0,"_bbp_forum_subforum_count":0,"_monsterinsights_skip_tracking":false,"_monsterinsights_sitenote_active":false,"_monsterinsights_sitenote_note":"","_monsterinsights_sitenote_category":0,"_tribe_events_status":"","_tribe_events_status_reason":"","footnotes":""},"tags":[],"tribe_events_cat":[172,214],"class_list":["post-15657","tribe_events","type-tribe_events","status-publish","has-post-thumbnail","hentry","tribe_events_cat-catalogue","tribe_events_cat-masterclass-catalogue","cat_catalogue","cat_masterclass-catalogue"],"jetpack_sharing_enabled":true,"_links":{"self":[{"href":"https:\/\/grain-dpixel.fr\/info\/wp-json\/wp\/v2\/tribe_events\/15657","targetHints":{"allow":["GET"]}}],"collection":[{"href":"https:\/\/grain-dpixel.fr\/info\/wp-json\/wp\/v2\/tribe_events"}],"about":[{"href":"https:\/\/grain-dpixel.fr\/info\/wp-json\/wp\/v2\/types\/tribe_events"}],"author":[{"embeddable":true,"href":"https:\/\/grain-dpixel.fr\/info\/wp-json\/wp\/v2\/users\/4"}],"replies":[{"embeddable":true,"href":"https:\/\/grain-dpixel.fr\/info\/wp-json\/wp\/v2\/comments?post=15657"}],"version-history":[{"count":3,"href":"https:\/\/grain-dpixel.fr\/info\/wp-json\/wp\/v2\/tribe_events\/15657\/revisions"}],"predecessor-version":[{"id":15660,"href":"https:\/\/grain-dpixel.fr\/info\/wp-json\/wp\/v2\/tribe_events\/15657\/revisions\/15660"}],"wp:featuredmedia":[{"embeddable":true,"href":"https:\/\/grain-dpixel.fr\/info\/wp-json\/wp\/v2\/media\/15465"}],"wp:attachment":[{"href":"https:\/\/grain-dpixel.fr\/info\/wp-json\/wp\/v2\/media?parent=15657"}],"wp:term":[{"taxonomy":"post_tag","embeddable":true,"href":"https:\/\/grain-dpixel.fr\/info\/wp-json\/wp\/v2\/tags?post=15657"},{"taxonomy":"tribe_events_cat","embeddable":true,"href":"https:\/\/grain-dpixel.fr\/info\/wp-json\/wp\/v2\/tribe_events_cat?post=15657"}],"curies":[{"name":"wp","href":"https:\/\/api.w.org\/{rel}","templated":true}]}}

Masterclass – Apprendre à préparer la scénographie de son travail photographique par François Rastoll

<h2><span style="color: #0000ff;"><strong>Animateur : François Rastoll</strong></span></h2>
<p>François RASTOLL est directeur de la galerie qui porte son nom depuis 9 ans. Artiste, scénographe, auteur-photographe, maître de stage et peintre.</p>
<p>Son regard éclairé sur le marché de l’art en fait un référent pour beaucoup de collectionneurs qui lui confient depuis plusieurs années la gestion de la composition de leurs collections d’œuvres photographiques, mais également de céramiques ou de peintures.</p>
<p>Il propose des masterclass et workshop sur différents sujets qui touchent à la mise en valeur d’un projet artistique.</p>
<p>Aujourd’hui, il photographie sa vision du monde de manière brute et directe mais toujours avec cette part d’imaginaire et de poésie.</p>
<p>En parallèle il est invité pour des conférences sur la scénographie en photographie ce qui donna lieu en octobre 2018 à la sortie du livre intitulé « Scénographier une exposition de photographie » aux Editions Eyrolles.</p>
<p>François Rastoll vous fera bénéficier de son savoir et vous guidera pas à pas dans votre projet.</p>
<h2><span style="color: #0000ff;"><strong>Déroulement</strong></span></h2>
<p><span style="color: #000000;"><strong><em>Cette masterclass  se déroule sur un week-end.</em></strong></span></p>
<h4><strong>1er Jour</strong></h4>
<p>– Accueil des participants</p>
<p>– Qu’est-ce qu’une bonne scénographie = comment éviter de confondre scénographie et mise en scène</p>
<p>– Rappel  : De la qualité de l’éditing dépendra la scénographie</p>
<p>– Identifier les images fortes et les images de liaison</p>
<p>– Scénographie et narration de ce que l’on veut raconter</p>
<p>– Construction de base de la scénographie</p>
<p>– Sélection des images : Exposition d’une seul série ou de plusieurs séries ou encore de différents artistes.</p>
<p><strong>2ème Jour</strong></p>
<p>– Scénographie en fonction des lieux d’exposition</p>
<p>– Scénographie d’une exposition en fonction de son thème</p>
<p>– Les différents types de scénographie</p>
<p>– Comment bien préparer une scénographie</p>
<p>– Exercice pratique de scénographie</p>
<p>– Conclusion</p>
<h2><span style="color: #0000ff;"><strong>Date</strong></span></h2>
<p>22 &amp; 23 juin de 9h00 à 12h00 et de 13h30 à 18h00</p>
<h2><span style="color: #0000ff;">Observation</span></h2>
<h3><span style="color: #ff0000;"><strong><em>Cette session s&rsquo;adresse à des personnes qui ont déjà réalisé l&rsquo;editing de leur projet .</em></strong></span></h3>
<h3><span style="color: #ff0000;"><strong><em>L&rsquo;ensemble du workshop sera réalisé avec les images des participants. Les photos doivent, idéalement, être en tirage de lecture 10&#215;15 cm.</em></strong></span></h3>
<h2><span style="color: #0000ff;"><strong>Tarif</strong></span></h2>
<h3>Tarif  non-adhérent Grain d’Pixel = 200 €</h3>
<h3>Tarif  adhérent Grain d’Pixel = 160 €</h3>
<h3>Paiement possible en 2 fois sans frais</h3>
<h2><span style="color: #0000ff;"><strong>Inscription</strong></span></h2>
<h3> <a href="https://grain-d-pixel-association-pour-la-photographie.assoconnect.com/collect/description/421446-m-apprendre-a-preparer-la-scenographie-de-son-travail-photographique-francois-rastoll" target="_blank" rel="noopener">En cliquant ici</a></h3>
<h3>Rappel : le montant de l’adhésion est de 35 € —-&gt; <a href="https://grain-dpixel.fr/info/adhesion/#iframe_assoconnect" target="_blank" rel="noopener">Pour adhérer</a>.</h3>

<p>Animateur : François Rastoll François RASTOLL est directeur de la galerie qui porte son nom depuis 9 ans. Artiste, scénographe, auteur-photographe, maître de stage et peintre. Son regard éclairé sur le [&hellip;]</p>
