{"id":14769,"date":"2023-08-26T12:13:54","date_gmt":"2023-08-26T10:13:54","guid":{"rendered":"https:\/\/grain-dpixel.fr\/info\/?post_type=tribe_events&#038;p=14769"},"modified":"2023-08-26T12:13:54","modified_gmt":"2023-08-26T10:13:54","slug":"mode-ouverture-exposition-photos-olivier-trible-vernissage","status":"publish","type":"tribe_events","link":"https:\/\/grain-dpixel.fr\/info\/event\/mode-ouverture-exposition-photos-olivier-trible-vernissage\/","title":{"rendered":"MODE OUVERTURE &#8211; EXPOSITION PHOTOS &#8211; OLIVIER TRIBLE &#8211; vernissage"},"content":{"rendered":"<div>\n<p>Mode ouverture nous invite au vernissage de leur nouvelle exposition photo dans un nouveau cadre,<\/p>\n<p class=\"yiv0572155163MsoNormal\"><b>Samedi 2 septembre 2023, \u00e0 17h<\/b><\/p>\n<\/div>\n<div>\n<p class=\"yiv0572155163MsoNormal\"><b>Le Ph\u2019Arts &#8211; 8 Rue de Seloncourt 25400 Audincourt<\/b><\/p>\n<\/div>\n<div>\n<p class=\"yiv0572155163MsoNormal\">\n<\/div>\n<div>\n<p class=\"yiv0572155163MsoNormal\">Le photographe invit\u00e9 est Olivier TRIBLE &#8211; Instants Nature, \u00e0 l&rsquo;or\u00e9e de l&rsquo;\u00caTRE<\/p>\n<p>Samedi 2 et dimanche 3 septembre \/ Samedi 9 et Dimanche 10 septembre : de 14h \u00e0 18h00<\/p>\n<\/div>\n<div>\n<p class=\"yiv0572155163MsoNormal\"><i class=\"yiv2250690042\"><span class=\"yiv2250690042\">Guetteur d\u2019ombres et de lumi\u00e8res, Olivier Trible pratique l\u2019aff\u00fbt, seule technique photographique qui permet, gr\u00e2ce \u00e0 la connaissance de la faune et de son milieu, d\u2019entrer respectueusement dans l\u2019intimit\u00e9 des animaux sans les perturber. <\/span><\/i><\/p>\n<p class=\"yiv0572155163MsoNormal\"><i class=\"yiv2250690042\"><span class=\"yiv2250690042\">L\u2019exposition\u00a0<\/span><b class=\"yiv2250690042\">\u00ab\u00a0Instants Nature, \u00e0 l\u2019or\u00e9e de l\u2019\u00eatre\u00a0\u00bb<\/b>, vous invite \u00e0 quitter l\u2019asphalte et le b\u00e9ton, \u00e0 prendre le temps de passer un moment dans l\u2019immobilit\u00e9 et l\u2019introspection, \u00e0 ouvrir vos sens et votre c\u0153ur pour vous immerger dans ce monde vivant libre et sauvage qui nous c\u00f4toie.<\/i><\/p>\n<\/div>\n<div>\n<p class=\"yiv0572155163MsoNormal\">\n<\/div>\n<div>\n<p class=\"yiv0572155163MsoNormal\">Les parkings sont gratuits les week-end \u00e0 Audincourt. Par commodit\u00e9, n\u00e9anmoins, nous vous invitons \u00e0 vous garer \u00e0 la Filature, situ\u00e9 \u00e0 250 m \u00e0 pied du Ph\u2019Arts.<\/p>\n<p>Merci d&rsquo;annoncer votre venue dans les commentaires ci-dessous afin de pouvoir nous organiser du covoiturage.<\/p>\n<\/div>\n","protected":false},"excerpt":{"rendered":"<p>Mode ouverture nous invite au vernissage de leur nouvelle exposition photo dans un nouveau cadre, Samedi 2 septembre 2023, \u00e0 17h Le Ph\u2019Arts &#8211; 8 Rue de Seloncourt 25400 Audincourt [&hellip;]<\/p>\n","protected":false},"author":12,"featured_media":14770,"comment_status":"open","ping_status":"closed","template":"","meta":{"_bbp_topic_count":0,"_bbp_reply_count":0,"_bbp_total_topic_count":0,"_bbp_total_reply_count":0,"_bbp_voice_count":0,"_bbp_anonymous_reply_count":0,"_bbp_topic_count_hidden":0,"_bbp_reply_count_hidden":0,"_bbp_forum_subforum_count":0,"_monsterinsights_skip_tracking":false,"_monsterinsights_sitenote_active":false,"_monsterinsights_sitenote_note":"","_monsterinsights_sitenote_category":0,"_tribe_events_status":"","_tribe_events_status_reason":"","footnotes":""},"tags":[],"tribe_events_cat":[12],"class_list":["post-14769","tribe_events","type-tribe_events","status-publish","has-post-thumbnail","hentry","tribe_events_cat-visite-expo","cat_visite-expo"],"jetpack_sharing_enabled":true,"_links":{"self":[{"href":"https:\/\/grain-dpixel.fr\/info\/wp-json\/wp\/v2\/tribe_events\/14769","targetHints":{"allow":["GET"]}}],"collection":[{"href":"https:\/\/grain-dpixel.fr\/info\/wp-json\/wp\/v2\/tribe_events"}],"about":[{"href":"https:\/\/grain-dpixel.fr\/info\/wp-json\/wp\/v2\/types\/tribe_events"}],"author":[{"embeddable":true,"href":"https:\/\/grain-dpixel.fr\/info\/wp-json\/wp\/v2\/users\/12"}],"replies":[{"embeddable":true,"href":"https:\/\/grain-dpixel.fr\/info\/wp-json\/wp\/v2\/comments?post=14769"}],"version-history":[{"count":1,"href":"https:\/\/grain-dpixel.fr\/info\/wp-json\/wp\/v2\/tribe_events\/14769\/revisions"}],"predecessor-version":[{"id":14771,"href":"https:\/\/grain-dpixel.fr\/info\/wp-json\/wp\/v2\/tribe_events\/14769\/revisions\/14771"}],"wp:featuredmedia":[{"embeddable":true,"href":"https:\/\/grain-dpixel.fr\/info\/wp-json\/wp\/v2\/media\/14770"}],"wp:attachment":[{"href":"https:\/\/grain-dpixel.fr\/info\/wp-json\/wp\/v2\/media?parent=14769"}],"wp:term":[{"taxonomy":"post_tag","embeddable":true,"href":"https:\/\/grain-dpixel.fr\/info\/wp-json\/wp\/v2\/tags?post=14769"},{"taxonomy":"tribe_events_cat","embeddable":true,"href":"https:\/\/grain-dpixel.fr\/info\/wp-json\/wp\/v2\/tribe_events_cat?post=14769"}],"curies":[{"name":"wp","href":"https:\/\/api.w.org\/{rel}","templated":true}]}}

<div>
<p>Mode ouverture nous invite au vernissage de leur nouvelle exposition photo dans un nouveau cadre,</p>
<p class="yiv0572155163MsoNormal"><b>Samedi 2 septembre 2023, à 17h</b></p>
</div>
<div>
<p class="yiv0572155163MsoNormal"><b>Le Ph’Arts &#8211; 8 Rue de Seloncourt 25400 Audincourt</b></p>
</div>
<div>
<p class="yiv0572155163MsoNormal">
</div>
<div>
<p class="yiv0572155163MsoNormal">Le photographe invité est Olivier TRIBLE &#8211; Instants Nature, à l&rsquo;orée de l&rsquo;ÊTRE</p>
<p>Samedi 2 et dimanche 3 septembre / Samedi 9 et Dimanche 10 septembre : de 14h à 18h00</p>
</div>
<div>
<p class="yiv0572155163MsoNormal"><i class="yiv2250690042"><span class="yiv2250690042">Guetteur d’ombres et de lumières, Olivier Trible pratique l’affût, seule technique photographique qui permet, grâce à la connaissance de la faune et de son milieu, d’entrer respectueusement dans l’intimité des animaux sans les perturber. </span></i></p>
<p class="yiv0572155163MsoNormal"><i class="yiv2250690042"><span class="yiv2250690042">L’exposition </span><b class="yiv2250690042">« Instants Nature, à l’orée de l’être »</b>, vous invite à quitter l’asphalte et le béton, à prendre le temps de passer un moment dans l’immobilité et l’introspection, à ouvrir vos sens et votre cœur pour vous immerger dans ce monde vivant libre et sauvage qui nous côtoie.</i></p>
</div>
<div>
<p class="yiv0572155163MsoNormal">
</div>
<div>
<p class="yiv0572155163MsoNormal">Les parkings sont gratuits les week-end à Audincourt. Par commodité, néanmoins, nous vous invitons à vous garer à la Filature, situé à 250 m à pied du Ph’Arts.</p>
<p>Merci d&rsquo;annoncer votre venue dans les commentaires ci-dessous afin de pouvoir nous organiser du covoiturage.</p>
</div>

<p>Mode ouverture nous invite au vernissage de leur nouvelle exposition photo dans un nouveau cadre, Samedi 2 septembre 2023, à 17h Le Ph’Arts &#8211; 8 Rue de Seloncourt 25400 Audincourt [&hellip;]</p>
