{"id":14735,"date":"2023-07-24T11:03:26","date_gmt":"2023-07-24T09:03:26","guid":{"rendered":"https:\/\/grain-dpixel.fr\/info\/?post_type=tribe_events&#038;p=14735"},"modified":"2023-07-24T11:03:26","modified_gmt":"2023-07-24T09:03:26","slug":"vernissage-de-lexposition-la-vie-des-quartiers","status":"publish","type":"tribe_events","link":"https:\/\/grain-dpixel.fr\/info\/event\/vernissage-de-lexposition-la-vie-des-quartiers\/","title":{"rendered":"Vernissage de l&rsquo;exposition La vie des quartiers"},"content":{"rendered":"<p>Vous \u00eates cordialement invit\u00e9 au vernissage de l&rsquo;exposition La vie des quartiers.<\/p>\n<p>Le Vendredi 18 ao\u00fbt 2023 \u00e0 18h00 \u00e0 la galerie de l&rsquo;ancienne poste<\/p>\n","protected":false},"excerpt":{"rendered":"<p>Vous \u00eates cordialement invit\u00e9 au vernissage de l&rsquo;exposition La vie des quartiers. Le Vendredi 18 ao\u00fbt 2023 \u00e0 18h00 \u00e0 la galerie de l&rsquo;ancienne poste<\/p>\n","protected":false},"author":1,"featured_media":14736,"comment_status":"open","ping_status":"closed","template":"","meta":{"_bbp_topic_count":0,"_bbp_reply_count":0,"_bbp_total_topic_count":0,"_bbp_total_reply_count":0,"_bbp_voice_count":0,"_bbp_anonymous_reply_count":0,"_bbp_topic_count_hidden":0,"_bbp_reply_count_hidden":0,"_bbp_forum_subforum_count":0,"_monsterinsights_skip_tracking":false,"_monsterinsights_sitenote_active":false,"_monsterinsights_sitenote_note":"","_monsterinsights_sitenote_category":0,"_tribe_events_status":"","_tribe_events_status_reason":"","footnotes":""},"tags":[],"tribe_events_cat":[32],"class_list":["post-14735","tribe_events","type-tribe_events","status-publish","has-post-thumbnail","hentry","tribe_events_cat-evenement-grain-dpixel","cat_evenement-grain-dpixel"],"jetpack_sharing_enabled":true,"_links":{"self":[{"href":"https:\/\/grain-dpixel.fr\/info\/wp-json\/wp\/v2\/tribe_events\/14735","targetHints":{"allow":["GET"]}}],"collection":[{"href":"https:\/\/grain-dpixel.fr\/info\/wp-json\/wp\/v2\/tribe_events"}],"about":[{"href":"https:\/\/grain-dpixel.fr\/info\/wp-json\/wp\/v2\/types\/tribe_events"}],"author":[{"embeddable":true,"href":"https:\/\/grain-dpixel.fr\/info\/wp-json\/wp\/v2\/users\/1"}],"replies":[{"embeddable":true,"href":"https:\/\/grain-dpixel.fr\/info\/wp-json\/wp\/v2\/comments?post=14735"}],"version-history":[{"count":1,"href":"https:\/\/grain-dpixel.fr\/info\/wp-json\/wp\/v2\/tribe_events\/14735\/revisions"}],"predecessor-version":[{"id":14737,"href":"https:\/\/grain-dpixel.fr\/info\/wp-json\/wp\/v2\/tribe_events\/14735\/revisions\/14737"}],"wp:featuredmedia":[{"embeddable":true,"href":"https:\/\/grain-dpixel.fr\/info\/wp-json\/wp\/v2\/media\/14736"}],"wp:attachment":[{"href":"https:\/\/grain-dpixel.fr\/info\/wp-json\/wp\/v2\/media?parent=14735"}],"wp:term":[{"taxonomy":"post_tag","embeddable":true,"href":"https:\/\/grain-dpixel.fr\/info\/wp-json\/wp\/v2\/tags?post=14735"},{"taxonomy":"tribe_events_cat","embeddable":true,"href":"https:\/\/grain-dpixel.fr\/info\/wp-json\/wp\/v2\/tribe_events_cat?post=14735"}],"curies":[{"name":"wp","href":"https:\/\/api.w.org\/{rel}","templated":true}]}}

<p>Vous êtes cordialement invité au vernissage de l&rsquo;exposition La vie des quartiers.</p>
<p>Le Vendredi 18 août 2023 à 18h00 à la galerie de l&rsquo;ancienne poste</p>

<p>Vous êtes cordialement invité au vernissage de l&rsquo;exposition La vie des quartiers. Le Vendredi 18 août 2023 à 18h00 à la galerie de l&rsquo;ancienne poste</p>
