{"id":14686,"date":"2023-06-23T12:32:02","date_gmt":"2023-06-23T10:32:02","guid":{"rendered":"https:\/\/grain-dpixel.fr\/info\/?post_type=tribe_events&#038;p=14686"},"modified":"2023-06-23T12:37:26","modified_gmt":"2023-06-23T10:37:26","slug":"visite-des-jardins-et-du-chateau-de-vaire","status":"publish","type":"tribe_events","link":"https:\/\/grain-dpixel.fr\/info\/event\/visite-des-jardins-et-du-chateau-de-vaire\/","title":{"rendered":"Visite des jardins et du Ch\u00e2teau de VAIRE"},"content":{"rendered":"<p>Esther propose de vous emmener faire une visite des jardins et du ch\u00e2teau de Vaire le Grand (photo uniquement dans le jardin &#8211; Interdite dans le ch\u00e2teau m\u00eame sans flash)<\/p>\n<p>Le\u00a0<b>ch\u00e2teau de Vaire<\/b>\u00a0est un\u00a0<a title=\"Ch\u00e2teau\" href=\"https:\/\/fr.wikipedia.org\/wiki\/Ch%C3%A2teau\">ch\u00e2teau<\/a>\u00a0du\u00a0<a title=\"XVIIIe si\u00e8cle\" href=\"https:\/\/fr.wikipedia.org\/wiki\/XVIIIe_si%C3%A8cle\"><abbr class=\"abbr\" title=\"18\u1d49 si\u00e8cle\"><span class=\"romain\">xviii<\/span><sup>e<\/sup><\/abbr>\u00a0si\u00e8cle<\/a>\u00a0de\u00a0<a class=\"mw-redirect\" title=\"Classicisme\" href=\"https:\/\/fr.wikipedia.org\/wiki\/Classicisme\">style classique<\/a>\u00a0construit en\u00a0<a title=\"1713\" href=\"https:\/\/fr.wikipedia.org\/wiki\/1713\">1713<\/a>\u00a0dans la\u00a0<a title=\"Doubs (rivi\u00e8re)\" href=\"https:\/\/fr.wikipedia.org\/wiki\/Doubs_(rivi%C3%A8re)\">vall\u00e9e du Doubs<\/a>\u00a0\u00e0\u00a0<a title=\"Vaire\" href=\"https:\/\/fr.wikipedia.org\/wiki\/Vaire\">Vaire<\/a>\u00a0en\u00a0<a title=\"Bourgogne-Franche-Comt\u00e9\" href=\"https:\/\/fr.wikipedia.org\/wiki\/Bourgogne-Franche-Comt%C3%A9\">Bourgogne-Franche-Comt\u00e9<\/a>\u00a0\u00e0 13\u00a0<abbr class=\"abbr\" title=\"kilom\u00e8tre\">km<\/abbr>\u00a0au nord-est de\u00a0<a title=\"Besan\u00e7on\" href=\"https:\/\/fr.wikipedia.org\/wiki\/Besan%C3%A7on\">Besan\u00e7on<\/a>. Le ch\u00e2teau et le\u00a0<a title=\"Jardin \u00e0 la fran\u00e7aise\" href=\"https:\/\/fr.wikipedia.org\/wiki\/Jardin_%C3%A0_la_fran%C3%A7aise\">jardin \u00e0 la fran\u00e7aise<\/a>, prot\u00e9g\u00e9s au titre des\u00a0<a title=\"Monument historique (France)\" href=\"https:\/\/fr.wikipedia.org\/wiki\/Monument_historique_(France)\">monuments historiques<\/a>, ont \u00e9t\u00e9 remarquablement restaur\u00e9s et sont ouverts au\u00a0<a title=\"Tourisme\" href=\"https:\/\/fr.wikipedia.org\/wiki\/Tourisme\">tourisme<\/a>\u00a0durant l&rsquo;\u00e9t\u00e9 depuis 1992.<\/p>\n<p>Afin de pouvoir b\u00e9n\u00e9ficier d&rsquo;un tarif r\u00e9duit, 8\u20ac au lieu de 10\u20ac, il faudrait constituer un groupe de 10 personnes.<\/p>\n<p>Rendez vous \u00e0 14h au centre du village, sur le parking de l&rsquo;\u00e9cole.<\/p>\n<p>Pr\u00e9voyez une petite collation que l&rsquo;on partagera lors de notre visite du jardin.<\/p>\n<p>Merci de pr\u00e9venir de votre participation dans les messages ci-dessous.<\/p>\n<p>&nbsp;<\/p>\n","protected":false},"excerpt":{"rendered":"<p>Esther propose de vous emmener faire une visite des jardins et du ch\u00e2teau de Vaire le Grand (photo uniquement dans le jardin &#8211; Interdite dans le ch\u00e2teau m\u00eame sans flash) [&hellip;]<\/p>\n","protected":false},"author":12,"featured_media":14687,"comment_status":"open","ping_status":"closed","template":"","meta":{"_bbp_topic_count":0,"_bbp_reply_count":0,"_bbp_total_topic_count":0,"_bbp_total_reply_count":0,"_bbp_voice_count":0,"_bbp_anonymous_reply_count":0,"_bbp_topic_count_hidden":0,"_bbp_reply_count_hidden":0,"_bbp_forum_subforum_count":0,"_monsterinsights_skip_tracking":false,"_monsterinsights_sitenote_active":false,"_monsterinsights_sitenote_note":"","_monsterinsights_sitenote_category":0,"_tribe_events_status":"","_tribe_events_status_reason":"","footnotes":""},"tags":[],"tribe_events_cat":[13],"class_list":["post-14686","tribe_events","type-tribe_events","status-publish","has-post-thumbnail","hentry","tribe_events_cat-sortie-photo","cat_sortie-photo"],"jetpack_sharing_enabled":true,"_links":{"self":[{"href":"https:\/\/grain-dpixel.fr\/info\/wp-json\/wp\/v2\/tribe_events\/14686","targetHints":{"allow":["GET"]}}],"collection":[{"href":"https:\/\/grain-dpixel.fr\/info\/wp-json\/wp\/v2\/tribe_events"}],"about":[{"href":"https:\/\/grain-dpixel.fr\/info\/wp-json\/wp\/v2\/types\/tribe_events"}],"author":[{"embeddable":true,"href":"https:\/\/grain-dpixel.fr\/info\/wp-json\/wp\/v2\/users\/12"}],"replies":[{"embeddable":true,"href":"https:\/\/grain-dpixel.fr\/info\/wp-json\/wp\/v2\/comments?post=14686"}],"version-history":[{"count":2,"href":"https:\/\/grain-dpixel.fr\/info\/wp-json\/wp\/v2\/tribe_events\/14686\/revisions"}],"predecessor-version":[{"id":14689,"href":"https:\/\/grain-dpixel.fr\/info\/wp-json\/wp\/v2\/tribe_events\/14686\/revisions\/14689"}],"wp:featuredmedia":[{"embeddable":true,"href":"https:\/\/grain-dpixel.fr\/info\/wp-json\/wp\/v2\/media\/14687"}],"wp:attachment":[{"href":"https:\/\/grain-dpixel.fr\/info\/wp-json\/wp\/v2\/media?parent=14686"}],"wp:term":[{"taxonomy":"post_tag","embeddable":true,"href":"https:\/\/grain-dpixel.fr\/info\/wp-json\/wp\/v2\/tags?post=14686"},{"taxonomy":"tribe_events_cat","embeddable":true,"href":"https:\/\/grain-dpixel.fr\/info\/wp-json\/wp\/v2\/tribe_events_cat?post=14686"}],"curies":[{"name":"wp","href":"https:\/\/api.w.org\/{rel}","templated":true}]}}

Visite des jardins et du Château de VAIRE

<p>Esther propose de vous emmener faire une visite des jardins et du château de Vaire le Grand (photo uniquement dans le jardin &#8211; Interdite dans le château même sans flash)</p>
<p>Le <b>château de Vaire</b> est un <a title="Château" href="https://fr.wikipedia.org/wiki/Ch%C3%A2teau">château</a> du <a title="XVIIIe siècle" href="https://fr.wikipedia.org/wiki/XVIIIe_si%C3%A8cle"><abbr class="abbr" title="18ᵉ siècle"><span class="romain">xviii</span><sup>e</sup></abbr> siècle</a> de <a class="mw-redirect" title="Classicisme" href="https://fr.wikipedia.org/wiki/Classicisme">style classique</a> construit en <a title="1713" href="https://fr.wikipedia.org/wiki/1713">1713</a> dans la <a title="Doubs (rivière)" href="https://fr.wikipedia.org/wiki/Doubs_(rivi%C3%A8re)">vallée du Doubs</a> à <a title="Vaire" href="https://fr.wikipedia.org/wiki/Vaire">Vaire</a> en <a title="Bourgogne-Franche-Comté" href="https://fr.wikipedia.org/wiki/Bourgogne-Franche-Comt%C3%A9">Bourgogne-Franche-Comté</a> à 13 <abbr class="abbr" title="kilomètre">km</abbr> au nord-est de <a title="Besançon" href="https://fr.wikipedia.org/wiki/Besan%C3%A7on">Besançon</a>. Le château et le <a title="Jardin à la française" href="https://fr.wikipedia.org/wiki/Jardin_%C3%A0_la_fran%C3%A7aise">jardin à la française</a>, protégés au titre des <a title="Monument historique (France)" href="https://fr.wikipedia.org/wiki/Monument_historique_(France)">monuments historiques</a>, ont été remarquablement restaurés et sont ouverts au <a title="Tourisme" href="https://fr.wikipedia.org/wiki/Tourisme">tourisme</a> durant l&rsquo;été depuis 1992.</p>
<p>Afin de pouvoir bénéficier d&rsquo;un tarif réduit, 8€ au lieu de 10€, il faudrait constituer un groupe de 10 personnes.</p>
<p>Rendez vous à 14h au centre du village, sur le parking de l&rsquo;école.</p>
<p>Prévoyez une petite collation que l&rsquo;on partagera lors de notre visite du jardin.</p>
<p>Merci de prévenir de votre participation dans les messages ci-dessous.</p>
<p>&nbsp;</p>

<p>Esther propose de vous emmener faire une visite des jardins et du château de Vaire le Grand (photo uniquement dans le jardin &#8211; Interdite dans le château même sans flash) [&hellip;]</p>
