{"id":14637,"date":"2023-05-25T18:28:34","date_gmt":"2023-05-25T16:28:34","guid":{"rendered":"https:\/\/grain-dpixel.fr\/info\/?post_type=tribe_events&#038;p=14637"},"modified":"2023-05-25T18:28:34","modified_gmt":"2023-05-25T16:28:34","slug":"exposition-photos-avec-mode-ouverture-patrice-guyon","status":"publish","type":"tribe_events","link":"https:\/\/grain-dpixel.fr\/info\/event\/exposition-photos-avec-mode-ouverture-patrice-guyon\/","title":{"rendered":"Exposition Photos avec Mode Ouverture : Patrice Guyon"},"content":{"rendered":"<h3><strong>Mode Ouverture pr\u00e9sente :\u00a0 Patrice Guyon avec <\/strong>sa s\u00e9rie intitul\u00e9e : <b class=\"yiv6742990583\">UNDERGROUND<\/b><\/h3>\n<div class=\"yiv6742990583\"><i class=\"yiv6742990583\"><span class=\"yiv6742990583\">\u00ab\u00a0<\/span>La s\u00e9rie de photographies rassemble des clich\u00e9s faits ces derni\u00e8res ann\u00e9es au gr\u00e9 de voyages, dans plusieurs grandes villes europ\u00e9ennes (Stockholm, Berlin, Munich, Bruxelles, Londres, Paris, Lyon).\u00a0Le monde sous-terrain n\u2019est pas aussi sombre et sale qu\u2019on peut l\u2019imaginer.\u00a0Les lignes, la lumi\u00e8re et les couleurs sont au rendez-vous pour accueillir et accompagner le voyageur.<\/i><\/div>\n<p class=\"yiv6742990583MsoNormal\"><i class=\"yiv6742990583\">Cette s\u00e9rie traduit une exp\u00e9rience souterraine propos\u00e9e par les architectes et artistes, qui structure un monde min\u00e9ral et technologique travers\u00e9 par l\u2019humain.\u00a0<\/i><i class=\"yiv6742990583\">L\u2019art et le fonctionnel peuvent s&rsquo;y rencontrer et c\u2019est ce qui m\u2019int\u00e9resse\u00a0\u00bb. \u00a0 \u00a0\u00a0<\/i>Patrice GUYON<\/p>\n<p>&nbsp;<\/p>\n<p>Les photos seront expos\u00e9es durant 2 week ends (avec une entr\u00e9e libre)<\/p>\n<p>Les 3 et 4 Juin de 14 \u00e0 18h<\/p>\n<p>Les 10 et 11 Juin de 14 \u00e0 18h<\/p>\n<p>Vernissage le <b class=\"yiv6742990583\">Samedi 03 juin 2023, \u00e0 17h\u00a0<\/b><\/p>\n<div class=\"yiv6742990583\"><b class=\"yiv6742990583\">Le Ph\u2019Arts &#8211; Maison de la Photographie et des Arts Visuels &#8211; 8 Rue de Seloncourt 25400 AUDINCOURT<\/b><\/div>\n<div class=\"yiv6742990583\">Merci de vous annoncer dans les commentaires ci-dessous pour le covoiturage.<\/div>\n","protected":false},"excerpt":{"rendered":"<p>Mode Ouverture pr\u00e9sente :\u00a0 Patrice Guyon avec sa s\u00e9rie intitul\u00e9e : UNDERGROUND \u00ab\u00a0La s\u00e9rie de photographies rassemble des clich\u00e9s faits ces derni\u00e8res ann\u00e9es au gr\u00e9 de voyages, dans plusieurs grandes [&hellip;]<\/p>\n","protected":false},"author":12,"featured_media":14638,"comment_status":"open","ping_status":"closed","template":"","meta":{"_bbp_topic_count":0,"_bbp_reply_count":0,"_bbp_total_topic_count":0,"_bbp_total_reply_count":0,"_bbp_voice_count":0,"_bbp_anonymous_reply_count":0,"_bbp_topic_count_hidden":0,"_bbp_reply_count_hidden":0,"_bbp_forum_subforum_count":0,"_monsterinsights_skip_tracking":false,"_monsterinsights_sitenote_active":false,"_monsterinsights_sitenote_note":"","_monsterinsights_sitenote_category":0,"_tribe_events_status":"","_tribe_events_status_reason":"","footnotes":""},"tags":[],"tribe_events_cat":[12],"class_list":["post-14637","tribe_events","type-tribe_events","status-publish","has-post-thumbnail","hentry","tribe_events_cat-visite-expo","cat_visite-expo"],"jetpack_sharing_enabled":true,"_links":{"self":[{"href":"https:\/\/grain-dpixel.fr\/info\/wp-json\/wp\/v2\/tribe_events\/14637","targetHints":{"allow":["GET"]}}],"collection":[{"href":"https:\/\/grain-dpixel.fr\/info\/wp-json\/wp\/v2\/tribe_events"}],"about":[{"href":"https:\/\/grain-dpixel.fr\/info\/wp-json\/wp\/v2\/types\/tribe_events"}],"author":[{"embeddable":true,"href":"https:\/\/grain-dpixel.fr\/info\/wp-json\/wp\/v2\/users\/12"}],"replies":[{"embeddable":true,"href":"https:\/\/grain-dpixel.fr\/info\/wp-json\/wp\/v2\/comments?post=14637"}],"version-history":[{"count":3,"href":"https:\/\/grain-dpixel.fr\/info\/wp-json\/wp\/v2\/tribe_events\/14637\/revisions"}],"predecessor-version":[{"id":14641,"href":"https:\/\/grain-dpixel.fr\/info\/wp-json\/wp\/v2\/tribe_events\/14637\/revisions\/14641"}],"wp:featuredmedia":[{"embeddable":true,"href":"https:\/\/grain-dpixel.fr\/info\/wp-json\/wp\/v2\/media\/14638"}],"wp:attachment":[{"href":"https:\/\/grain-dpixel.fr\/info\/wp-json\/wp\/v2\/media?parent=14637"}],"wp:term":[{"taxonomy":"post_tag","embeddable":true,"href":"https:\/\/grain-dpixel.fr\/info\/wp-json\/wp\/v2\/tags?post=14637"},{"taxonomy":"tribe_events_cat","embeddable":true,"href":"https:\/\/grain-dpixel.fr\/info\/wp-json\/wp\/v2\/tribe_events_cat?post=14637"}],"curies":[{"name":"wp","href":"https:\/\/api.w.org\/{rel}","templated":true}]}}

<h3><strong>Mode Ouverture présente :  Patrice Guyon avec </strong>sa série intitulée : <b class="yiv6742990583">UNDERGROUND</b></h3>
<div class="yiv6742990583"><i class="yiv6742990583"><span class="yiv6742990583">« </span>La série de photographies rassemble des clichés faits ces dernières années au gré de voyages, dans plusieurs grandes villes européennes (Stockholm, Berlin, Munich, Bruxelles, Londres, Paris, Lyon). Le monde sous-terrain n’est pas aussi sombre et sale qu’on peut l’imaginer. Les lignes, la lumière et les couleurs sont au rendez-vous pour accueillir et accompagner le voyageur.</i></div>
<p class="yiv6742990583MsoNormal"><i class="yiv6742990583">Cette série traduit une expérience souterraine proposée par les architectes et artistes, qui structure un monde minéral et technologique traversé par l’humain. </i><i class="yiv6742990583">L’art et le fonctionnel peuvent s&rsquo;y rencontrer et c’est ce qui m’intéresse ».     </i>Patrice GUYON</p>
<p>&nbsp;</p>
<p>Les photos seront exposées durant 2 week ends (avec une entrée libre)</p>
<p>Les 3 et 4 Juin de 14 à 18h</p>
<p>Les 10 et 11 Juin de 14 à 18h</p>
<p>Vernissage le <b class="yiv6742990583">Samedi 03 juin 2023, à 17h </b></p>
<div class="yiv6742990583"><b class="yiv6742990583">Le Ph’Arts &#8211; Maison de la Photographie et des Arts Visuels &#8211; 8 Rue de Seloncourt 25400 AUDINCOURT</b></div>
<div class="yiv6742990583">Merci de vous annoncer dans les commentaires ci-dessous pour le covoiturage.</div>

<p>Mode Ouverture présente :  Patrice Guyon avec sa série intitulée : UNDERGROUND « La série de photographies rassemble des clichés faits ces dernières années au gré de voyages, dans plusieurs grandes [&hellip;]</p>
