{"id":14612,"date":"2023-05-23T10:53:13","date_gmt":"2023-05-23T08:53:13","guid":{"rendered":"https:\/\/grain-dpixel.fr\/info\/?post_type=tribe_events&#038;p=14612"},"modified":"2023-07-24T10:41:13","modified_gmt":"2023-07-24T08:41:13","slug":"exposition-de-notre-masterclass-a-fleur-deau","status":"publish","type":"tribe_events","link":"https:\/\/grain-dpixel.fr\/info\/event\/exposition-de-notre-masterclass-a-fleur-deau\/","title":{"rendered":"Exposition de notre Masterclass \u00ab\u00a0A fleur d&rsquo;eau\u00a0\u00bb"},"content":{"rendered":"<p><em><strong>A fleur d&rsquo;eau, des plantes ont pos\u00e9 leurs fleurs \u00e9toil\u00e9es aux couleurs \u00e9clatantes. Autour d&rsquo;elles, une faune discr\u00e8te ou chantante glisse, virevolte ou s&rsquo;abrite \u00e0 l&rsquo;ombre des grandes feuilles flottantes.<\/strong><\/em><\/p>\n<p><em><strong>H\u00f4te de toute une vie aquatique, miroir des feuillages chatoyants, \u00e9tale ou rid\u00e9e par le vent, l\u00a0\u00bbeau structure l&rsquo;espace et d\u00e9cline le paysage. Au fil des heures, des jours et des saisons, elle compose et anime avec la lumi\u00e8re, des tableaux changeants.<\/strong><\/em><\/p>\n<p><em><strong>Chacun des photographes, avec son regard singulier, vous invite \u00e0 entrer dans cet espace, et \u00e0 d\u00e9couvrir, au-del\u00e0 de la beaut\u00e9 qui s&rsquo;impose, tout ce qu&rsquo;il rec\u00e8le de myst\u00e8re et de po\u00e9sie.<\/strong><\/em><\/p>\n<p>&nbsp;<\/p>\n<p>MASTERCLASS de l&rsquo;association Grain d&rsquo;pixel. Photos r\u00e9alis\u00e9es sur une ann\u00e9e dans des jardins aquatiques.<\/p>\n<p>A la galerie de l&rsquo;ancienne poste<\/p>\n<p>Du samedi 17 Juin au dimanche 25<\/p>\n<p>Vernissage : vendredi 16 Juin \u00e0 18h<\/p>\n<p>&nbsp;<\/p>\n<p>Horaires : samedi et dimanche : de 10h \u00e0 18h00<\/p>\n<p>Mardi \u00e0 vendredi : de 14h \u00e0 18h<\/p>\n<p>Ferm\u00e9 le lundi.<\/p>\n<p>&nbsp;<\/p>\n","protected":false},"excerpt":{"rendered":"<p>A fleur d&rsquo;eau, des plantes ont pos\u00e9 leurs fleurs \u00e9toil\u00e9es aux couleurs \u00e9clatantes. Autour d&rsquo;elles, une faune discr\u00e8te ou chantante glisse, virevolte ou s&rsquo;abrite \u00e0 l&rsquo;ombre des grandes feuilles flottantes. [&hellip;]<\/p>\n","protected":false},"author":12,"featured_media":14642,"comment_status":"open","ping_status":"closed","template":"","meta":{"_bbp_topic_count":0,"_bbp_reply_count":0,"_bbp_total_topic_count":0,"_bbp_total_reply_count":0,"_bbp_voice_count":0,"_bbp_anonymous_reply_count":0,"_bbp_topic_count_hidden":0,"_bbp_reply_count_hidden":0,"_bbp_forum_subforum_count":0,"_monsterinsights_skip_tracking":false,"_monsterinsights_sitenote_active":false,"_monsterinsights_sitenote_note":"","_monsterinsights_sitenote_category":0,"_tribe_events_status":"","_tribe_events_status_reason":"","footnotes":""},"tags":[],"tribe_events_cat":[22,36,144],"class_list":["post-14612","tribe_events","type-tribe_events","status-publish","has-post-thumbnail","hentry","tribe_events_cat-atelier","tribe_events_cat-exposition-gdp","tribe_events_cat-masterclass","cat_atelier","cat_exposition-gdp","cat_masterclass"],"jetpack_sharing_enabled":true,"_links":{"self":[{"href":"https:\/\/grain-dpixel.fr\/info\/wp-json\/wp\/v2\/tribe_events\/14612","targetHints":{"allow":["GET"]}}],"collection":[{"href":"https:\/\/grain-dpixel.fr\/info\/wp-json\/wp\/v2\/tribe_events"}],"about":[{"href":"https:\/\/grain-dpixel.fr\/info\/wp-json\/wp\/v2\/types\/tribe_events"}],"author":[{"embeddable":true,"href":"https:\/\/grain-dpixel.fr\/info\/wp-json\/wp\/v2\/users\/12"}],"replies":[{"embeddable":true,"href":"https:\/\/grain-dpixel.fr\/info\/wp-json\/wp\/v2\/comments?post=14612"}],"version-history":[{"count":2,"href":"https:\/\/grain-dpixel.fr\/info\/wp-json\/wp\/v2\/tribe_events\/14612\/revisions"}],"predecessor-version":[{"id":14615,"href":"https:\/\/grain-dpixel.fr\/info\/wp-json\/wp\/v2\/tribe_events\/14612\/revisions\/14615"}],"wp:featuredmedia":[{"embeddable":true,"href":"https:\/\/grain-dpixel.fr\/info\/wp-json\/wp\/v2\/media\/14642"}],"wp:attachment":[{"href":"https:\/\/grain-dpixel.fr\/info\/wp-json\/wp\/v2\/media?parent=14612"}],"wp:term":[{"taxonomy":"post_tag","embeddable":true,"href":"https:\/\/grain-dpixel.fr\/info\/wp-json\/wp\/v2\/tags?post=14612"},{"taxonomy":"tribe_events_cat","embeddable":true,"href":"https:\/\/grain-dpixel.fr\/info\/wp-json\/wp\/v2\/tribe_events_cat?post=14612"}],"curies":[{"name":"wp","href":"https:\/\/api.w.org\/{rel}","templated":true}]}}

<p><em><strong>A fleur d&rsquo;eau, des plantes ont posé leurs fleurs étoilées aux couleurs éclatantes. Autour d&rsquo;elles, une faune discrète ou chantante glisse, virevolte ou s&rsquo;abrite à l&rsquo;ombre des grandes feuilles flottantes.</strong></em></p>
<p><em><strong>Hôte de toute une vie aquatique, miroir des feuillages chatoyants, étale ou ridée par le vent, l »eau structure l&rsquo;espace et décline le paysage. Au fil des heures, des jours et des saisons, elle compose et anime avec la lumière, des tableaux changeants.</strong></em></p>
<p><em><strong>Chacun des photographes, avec son regard singulier, vous invite à entrer dans cet espace, et à découvrir, au-delà de la beauté qui s&rsquo;impose, tout ce qu&rsquo;il recèle de mystère et de poésie.</strong></em></p>
<p>&nbsp;</p>
<p>MASTERCLASS de l&rsquo;association Grain d&rsquo;pixel. Photos réalisées sur une année dans des jardins aquatiques.</p>
<p>A la galerie de l&rsquo;ancienne poste</p>
<p>Du samedi 17 Juin au dimanche 25</p>
<p>Vernissage : vendredi 16 Juin à 18h</p>
<p>&nbsp;</p>
<p>Horaires : samedi et dimanche : de 10h à 18h00</p>
<p>Mardi à vendredi : de 14h à 18h</p>
<p>Fermé le lundi.</p>
<p>&nbsp;</p>

<p>A fleur d&rsquo;eau, des plantes ont posé leurs fleurs étoilées aux couleurs éclatantes. Autour d&rsquo;elles, une faune discrète ou chantante glisse, virevolte ou s&rsquo;abrite à l&rsquo;ombre des grandes feuilles flottantes. [&hellip;]</p>
