{"id":13802,"date":"2023-01-09T09:47:51","date_gmt":"2023-01-09T08:47:51","guid":{"rendered":"https:\/\/grain-dpixel.fr\/info\/?post_type=tribe_events&#038;p=13802"},"modified":"2023-10-24T11:21:59","modified_gmt":"2023-10-24T09:21:59","slug":"sg46","status":"publish","type":"tribe_events","link":"https:\/\/grain-dpixel.fr\/info\/event\/sg46\/","title":{"rendered":"Comprendre la lumi\u00e8re et apprendre les bases du portrait en studio avec un flash cobra"},"content":{"rendered":"<h2><span style=\"color: #0000ff;\">Comprendre la lumi\u00e8re et apprendre les bases du portrait en studio avec un flash cobra<\/span><\/h2>\n<h3><span style=\"color: #0000ff;\"><strong>Objectifs du stage<\/strong><\/span><\/h3>\n<ul>\n<li>D\u00e9couvrir les caract\u00e9ristiques de la lumi\u00e8re et comment les utiliser en studio<\/li>\n<li>Conna\u00eetre les principaux sch\u00e9mas d\u2019\u00e9clairage d\u2019un portrait<\/li>\n<li>Savoir retrouver un sch\u00e9ma d\u2019\u00e9clairage \u00e0 partir d\u2019une photo<\/li>\n<li>Exp\u00e9rimenter et \u00eatre cr\u00e9atif gr\u00e2ce \u00e0 la lumi\u00e8re<\/li>\n<li>\n<div class=\"t pg-1m0 pg-1x7 pg-1h5 pg-1y14 pg-1ff3 pg-1fs2 pg-1fc0 pg-1sc1 pg-1ls0 pg-1ws0\"><span class=\"pg-1ff2 pg-1sc0\">D\u00e9couvrir comment utiliser un flash cobra pour am\u00e9liorer la lumi\u00e8re de <\/span>ses portraits<\/div>\n<\/li>\n<li>Faire ses premiers pas en studio<\/li>\n<\/ul>\n<h3><span style=\"color: #0000ff;\"><strong>Tarif<\/strong><\/span><\/h3>\n<p>Non adh\u00e9rent \u00e0 l&rsquo;association Grain d&rsquo;Pixel = 120 \u20ac<\/p>\n<p>Adh\u00e9rent = 100 \u20ac<\/p>\n<h3><strong><span style=\"color: #0000ff;\">Inscription et informations<\/span><\/strong><\/h3>\n<p><a href=\"https:\/\/grain-d-pixel-association-pour-la-photographie.assoconnect.com\/collect\/description\/288649-m-comprendre-la-lumiere-et-les-bases-du-portrait-en-studio-avec-un-flash-cobra\" target=\"_blank\" rel=\"noopener\">Cliquez ici<\/a><\/p>\n","protected":false},"excerpt":{"rendered":"<p>Comprendre la lumi\u00e8re et apprendre les bases du portrait en studio avec un flash cobra Objectifs du stage D\u00e9couvrir les caract\u00e9ristiques de la lumi\u00e8re et comment les utiliser en studio [&hellip;]<\/p>\n","protected":false},"author":4,"featured_media":15125,"comment_status":"open","ping_status":"closed","template":"","meta":{"_bbp_topic_count":0,"_bbp_reply_count":0,"_bbp_total_topic_count":0,"_bbp_total_reply_count":0,"_bbp_voice_count":0,"_bbp_anonymous_reply_count":0,"_bbp_topic_count_hidden":0,"_bbp_reply_count_hidden":0,"_bbp_forum_subforum_count":0,"_monsterinsights_skip_tracking":false,"_monsterinsights_sitenote_active":false,"_monsterinsights_sitenote_note":"","_monsterinsights_sitenote_category":0,"_tribe_events_status":"","_tribe_events_status_reason":"","footnotes":""},"tags":[],"tribe_events_cat":[171],"class_list":["post-13802","tribe_events","type-tribe_events","status-publish","has-post-thumbnail","hentry","tribe_events_cat-stage","cat_stage"],"jetpack_sharing_enabled":true,"_links":{"self":[{"href":"https:\/\/grain-dpixel.fr\/info\/wp-json\/wp\/v2\/tribe_events\/13802","targetHints":{"allow":["GET"]}}],"collection":[{"href":"https:\/\/grain-dpixel.fr\/info\/wp-json\/wp\/v2\/tribe_events"}],"about":[{"href":"https:\/\/grain-dpixel.fr\/info\/wp-json\/wp\/v2\/types\/tribe_events"}],"author":[{"embeddable":true,"href":"https:\/\/grain-dpixel.fr\/info\/wp-json\/wp\/v2\/users\/4"}],"replies":[{"embeddable":true,"href":"https:\/\/grain-dpixel.fr\/info\/wp-json\/wp\/v2\/comments?post=13802"}],"version-history":[{"count":8,"href":"https:\/\/grain-dpixel.fr\/info\/wp-json\/wp\/v2\/tribe_events\/13802\/revisions"}],"predecessor-version":[{"id":14692,"href":"https:\/\/grain-dpixel.fr\/info\/wp-json\/wp\/v2\/tribe_events\/13802\/revisions\/14692"}],"wp:featuredmedia":[{"embeddable":true,"href":"https:\/\/grain-dpixel.fr\/info\/wp-json\/wp\/v2\/media\/15125"}],"wp:attachment":[{"href":"https:\/\/grain-dpixel.fr\/info\/wp-json\/wp\/v2\/media?parent=13802"}],"wp:term":[{"taxonomy":"post_tag","embeddable":true,"href":"https:\/\/grain-dpixel.fr\/info\/wp-json\/wp\/v2\/tags?post=13802"},{"taxonomy":"tribe_events_cat","embeddable":true,"href":"https:\/\/grain-dpixel.fr\/info\/wp-json\/wp\/v2\/tribe_events_cat?post=13802"}],"curies":[{"name":"wp","href":"https:\/\/api.w.org\/{rel}","templated":true}]}}

Comprendre la lumière et apprendre les bases du portrait en studio avec un flash cobra

<h2><span style="color: #0000ff;">Comprendre la lumière et apprendre les bases du portrait en studio avec un flash cobra</span></h2>
<h3><span style="color: #0000ff;"><strong>Objectifs du stage</strong></span></h3>
<ul>
<li>Découvrir les caractéristiques de la lumière et comment les utiliser en studio</li>
<li>Connaître les principaux schémas d’éclairage d’un portrait</li>
<li>Savoir retrouver un schéma d’éclairage à partir d’une photo</li>
<li>Expérimenter et être créatif grâce à la lumière</li>
<li>
<div class="t pg-1m0 pg-1x7 pg-1h5 pg-1y14 pg-1ff3 pg-1fs2 pg-1fc0 pg-1sc1 pg-1ls0 pg-1ws0"><span class="pg-1ff2 pg-1sc0">Découvrir comment utiliser un flash cobra pour améliorer la lumière de </span>ses portraits</div>
</li>
<li>Faire ses premiers pas en studio</li>
</ul>
<h3><span style="color: #0000ff;"><strong>Tarif</strong></span></h3>
<p>Non adhérent à l&rsquo;association Grain d&rsquo;Pixel = 120 €</p>
<p>Adhérent = 100 €</p>
<h3><strong><span style="color: #0000ff;">Inscription et informations</span></strong></h3>
<p><a href="https://grain-d-pixel-association-pour-la-photographie.assoconnect.com/collect/description/288649-m-comprendre-la-lumiere-et-les-bases-du-portrait-en-studio-avec-un-flash-cobra" target="_blank" rel="noopener">Cliquez ici</a></p>

<p>Comprendre la lumière et apprendre les bases du portrait en studio avec un flash cobra Objectifs du stage Découvrir les caractéristiques de la lumière et comment les utiliser en studio [&hellip;]</p>
