{"id":10484,"date":"2022-06-17T13:32:09","date_gmt":"2022-06-17T11:32:09","guid":{"rendered":"http:\/\/grain-dpixel.fr\/info\/?post_type=tribe_events&#038;p=10484"},"modified":"2022-06-17T13:36:41","modified_gmt":"2022-06-17T11:36:41","slug":"sortie-saut-du-doubs-et-exposition-photos-villers-le-lac","status":"publish","type":"tribe_events","link":"https:\/\/grain-dpixel.fr\/info\/event\/sortie-saut-du-doubs-et-exposition-photos-villers-le-lac\/","title":{"rendered":"Sortie Saut du Doubs et exposition photos Villers le lac"},"content":{"rendered":"<p><b><i>Nous vous proposons une journ\u00e9e en 2 parties<\/i><\/b><\/p>\n<p><b><i> La 1\u00e8re partie :\u00a0<\/i><\/b><em><b>D\u00e9part \u00e0 10h de Besan\u00e7on pour arriver au saut du Doubs vers 11h et prendre le temps de faire des <\/b><\/em><i><b>photos puis pique niquer au frais (il est possible qu&rsquo;il n&rsquo;y ait plus d&rsquo;eau mais l&rsquo;id\u00e9e est de se retrouver et de partager un moment convivial)<\/b><\/i><\/p>\n<p><em><strong>La 2\u00e8me partie : Visite de l&rsquo;exposition photos \u00e0 Villers le lac vers 14h \/ 15h \u00e0 d\u00e9finir ensemble sur place.\u00a0<\/strong><\/em><\/p>\n<p><strong>EXPOSITION : PROFONDEUR DE CHAMP &#8211; du 30 Avril au 2 Octobre 2022 &#8211;\u00a0 \u00a0 \u00a0 La Faune du Massif Jurassien<\/strong><\/p>\n<p>Tout au long d&rsquo;un sentier de 2kms, au lieu dit \u00ab\u00a0combe-la-f\u00e8ve\u00a0\u00bb, vous allez d\u00e9couvrir les 54 \u0153uvres grand format (60X85cm) de 27 photographes venus de toute la r\u00e9gion dont <strong>Nathalie Ducrot de Grain d&rsquo;pixel,<\/strong>\u00a0 mais \u00e9galement de Suisse, qui ont pour th\u00e8me \u00ab\u00a0la faune du massif jurassien\u00a0\u00bb. Chaque photo est munie d&rsquo;un QR code. En flashant celui-ci, vous aurez des informations sur l&rsquo;auteur et l&rsquo;\u0153uvre pr\u00e9sent\u00e9e.<\/p>\n<p>Pr\u00e9voir des chaussures de marches<\/p>\n<p>Pour se rendre sur le lieu de l&rsquo;exposition, il est conseill\u00e9 de se garer dans les parkings : vers la mairie, gymnase municipal, cimeti\u00e8re, gymnase de \u00ab\u00a0la Fran\u00e7aise\u00a0\u00bb<\/p>\n<p>Pour plus de renseignements, cliquez le lien ci-joint :<\/p>\n<p>http:\/\/www.mjcvll.com\/agenda\/profondeur-de-champ.html<\/p>\n<p>Ou : 03 81 68 13 91<\/p>\n<p>&nbsp;<\/p>\n<h2><strong>Covoiturage possible entre adh\u00e9rents dans les commentaires ci-dessous.<\/strong><\/h2>\n<p>&nbsp;<\/p>\n<p>&nbsp;<\/p>\n<p>&nbsp;<\/p>\n<p>&nbsp;<\/p>\n","protected":false},"excerpt":{"rendered":"<p>Nous vous proposons une journ\u00e9e en 2 parties La 1\u00e8re partie :\u00a0D\u00e9part \u00e0 10h de Besan\u00e7on pour arriver au saut du Doubs vers 11h et prendre le temps de faire [&hellip;]<\/p>\n","protected":false},"author":12,"featured_media":9924,"comment_status":"open","ping_status":"closed","template":"","meta":{"_bbp_topic_count":0,"_bbp_reply_count":0,"_bbp_total_topic_count":0,"_bbp_total_reply_count":0,"_bbp_voice_count":0,"_bbp_anonymous_reply_count":0,"_bbp_topic_count_hidden":0,"_bbp_reply_count_hidden":0,"_bbp_forum_subforum_count":0,"_monsterinsights_skip_tracking":false,"_monsterinsights_sitenote_active":false,"_monsterinsights_sitenote_note":"","_monsterinsights_sitenote_category":0,"_tribe_events_status":"","_tribe_events_status_reason":"","footnotes":""},"tags":[],"tribe_events_cat":[13,12],"class_list":["post-10484","tribe_events","type-tribe_events","status-publish","has-post-thumbnail","hentry","tribe_events_cat-sortie-photo","tribe_events_cat-visite-expo","cat_sortie-photo","cat_visite-expo"],"jetpack_sharing_enabled":true,"_links":{"self":[{"href":"https:\/\/grain-dpixel.fr\/info\/wp-json\/wp\/v2\/tribe_events\/10484","targetHints":{"allow":["GET"]}}],"collection":[{"href":"https:\/\/grain-dpixel.fr\/info\/wp-json\/wp\/v2\/tribe_events"}],"about":[{"href":"https:\/\/grain-dpixel.fr\/info\/wp-json\/wp\/v2\/types\/tribe_events"}],"author":[{"embeddable":true,"href":"https:\/\/grain-dpixel.fr\/info\/wp-json\/wp\/v2\/users\/12"}],"replies":[{"embeddable":true,"href":"https:\/\/grain-dpixel.fr\/info\/wp-json\/wp\/v2\/comments?post=10484"}],"version-history":[{"count":4,"href":"https:\/\/grain-dpixel.fr\/info\/wp-json\/wp\/v2\/tribe_events\/10484\/revisions"}],"predecessor-version":[{"id":10488,"href":"https:\/\/grain-dpixel.fr\/info\/wp-json\/wp\/v2\/tribe_events\/10484\/revisions\/10488"}],"wp:featuredmedia":[{"embeddable":true,"href":"https:\/\/grain-dpixel.fr\/info\/wp-json\/wp\/v2\/media\/9924"}],"wp:attachment":[{"href":"https:\/\/grain-dpixel.fr\/info\/wp-json\/wp\/v2\/media?parent=10484"}],"wp:term":[{"taxonomy":"post_tag","embeddable":true,"href":"https:\/\/grain-dpixel.fr\/info\/wp-json\/wp\/v2\/tags?post=10484"},{"taxonomy":"tribe_events_cat","embeddable":true,"href":"https:\/\/grain-dpixel.fr\/info\/wp-json\/wp\/v2\/tribe_events_cat?post=10484"}],"curies":[{"name":"wp","href":"https:\/\/api.w.org\/{rel}","templated":true}]}}

<p><b><i>Nous vous proposons une journée en 2 parties</i></b></p>
<p><b><i> La 1ère partie : </i></b><em><b>Départ à 10h de Besançon pour arriver au saut du Doubs vers 11h et prendre le temps de faire des </b></em><i><b>photos puis pique niquer au frais (il est possible qu&rsquo;il n&rsquo;y ait plus d&rsquo;eau mais l&rsquo;idée est de se retrouver et de partager un moment convivial)</b></i></p>
<p><em><strong>La 2ème partie : Visite de l&rsquo;exposition photos à Villers le lac vers 14h / 15h à définir ensemble sur place. </strong></em></p>
<p><strong>EXPOSITION : PROFONDEUR DE CHAMP &#8211; du 30 Avril au 2 Octobre 2022 &#8211;      La Faune du Massif Jurassien</strong></p>
<p>Tout au long d&rsquo;un sentier de 2kms, au lieu dit « combe-la-fève », vous allez découvrir les 54 œuvres grand format (60X85cm) de 27 photographes venus de toute la région dont <strong>Nathalie Ducrot de Grain d&rsquo;pixel,</strong>  mais également de Suisse, qui ont pour thème « la faune du massif jurassien ». Chaque photo est munie d&rsquo;un QR code. En flashant celui-ci, vous aurez des informations sur l&rsquo;auteur et l&rsquo;œuvre présentée.</p>
<p>Prévoir des chaussures de marches</p>
<p>Pour se rendre sur le lieu de l&rsquo;exposition, il est conseillé de se garer dans les parkings : vers la mairie, gymnase municipal, cimetière, gymnase de « la Française »</p>
<p>Pour plus de renseignements, cliquez le lien ci-joint :</p>
<p>http://www.mjcvll.com/agenda/profondeur-de-champ.html</p>
<p>Ou : 03 81 68 13 91</p>
<p>&nbsp;</p>
<h2><strong>Covoiturage possible entre adhérents dans les commentaires ci-dessous.</strong></h2>
<p>&nbsp;</p>
<p>&nbsp;</p>
<p>&nbsp;</p>
<p>&nbsp;</p>

<p>Nous vous proposons une journée en 2 parties La 1ère partie : Départ à 10h de Besançon pour arriver au saut du Doubs vers 11h et prendre le temps de faire [&hellip;]</p>
