{"id":10366,"date":"2022-04-28T18:42:49","date_gmt":"2022-04-28T16:42:49","guid":{"rendered":"http:\/\/grain-dpixel.fr\/info\/?post_type=tribe_events&#038;p=10366"},"modified":"2022-04-28T18:42:49","modified_gmt":"2022-04-28T16:42:49","slug":"mode-ouverture-exposition-de-marie-pierre-renaud-vernissage","status":"publish","type":"tribe_events","link":"https:\/\/grain-dpixel.fr\/info\/event\/mode-ouverture-exposition-de-marie-pierre-renaud-vernissage\/","title":{"rendered":"MODE OUVERTURE &#8211; Exposition de Marie Pierre Renaud &#8211; Vernissage"},"content":{"rendered":"<div class=\"yiv7220079453\">Mode Ouverture a invit\u00e9 la photographe Marie-Pierre Renaud \u00e0 venir pr\u00e9senter une exposition compos\u00e9e de plus de 70 tirages.<\/div>\n<div class=\"yiv7220079453\"><\/div>\n<div class=\"yiv7220079453\"><span class=\"yiv7220079453\" style=\"font-family: HelveticaNeue;\">Fervente adepte de la photo de rue, c\u2019est dans les grandes m\u00e9tropoles que Marie-Pierre Renaud pratique son Art. Chacune de ses photos nous raconte une histoire, un bref moment de vie qu\u2019elle a su capter.\u00a0<\/span><\/div>\n<div class=\"yiv7220079453\"><\/div>\n<div class=\"yiv7220079453\">Vous pouvez retrouver l\u2019<a class=\"yiv7220079453\" href=\"http:\/\/www.modeouverture.com\/pages\/expositions\/zoomsur\/zoom-sur-marie-pierre-renaud-avril-2022.html\" target=\"_blank\" rel=\"nofollow noopener noreferrer\">interview<\/a> de Marie Pierre en cliquant sur ce lien.<\/div>\n<div>Pour tous renseignements sur mode ouverture : www.modeouverture.com<\/div>\n<div class=\"yiv7220079453\"><\/div>\n<div>Exposition visible les samedi 7 mai et dimanche 8 mai<\/div>\n<div>ainsi que les samedi 14 et dimanche 15 mai<\/div>\n<div>de 10 \u00e0 12h &#8211; 14 \u00e0 19h<\/div>\n<div><b class=\"yiv7220079453\">Espace Gandhi &#8211; 77 grande rue \u00e0 Audincourt<\/b><\/div>\n","protected":false},"excerpt":{"rendered":"<p>Mode Ouverture a invit\u00e9 la photographe Marie-Pierre Renaud \u00e0 venir pr\u00e9senter une exposition compos\u00e9e de plus de 70 tirages. Fervente adepte de la photo de rue, c\u2019est dans les grandes [&hellip;]<\/p>\n","protected":false},"author":12,"featured_media":10367,"comment_status":"open","ping_status":"closed","template":"","meta":{"_bbp_topic_count":0,"_bbp_reply_count":0,"_bbp_total_topic_count":0,"_bbp_total_reply_count":0,"_bbp_voice_count":0,"_bbp_anonymous_reply_count":0,"_bbp_topic_count_hidden":0,"_bbp_reply_count_hidden":0,"_bbp_forum_subforum_count":0,"_monsterinsights_skip_tracking":false,"_monsterinsights_sitenote_active":false,"_monsterinsights_sitenote_note":"","_monsterinsights_sitenote_category":0,"_tribe_events_status":"","_tribe_events_status_reason":"","footnotes":""},"tags":[],"tribe_events_cat":[12],"class_list":["post-10366","tribe_events","type-tribe_events","status-publish","has-post-thumbnail","hentry","tribe_events_cat-visite-expo","cat_visite-expo"],"jetpack_sharing_enabled":true,"_links":{"self":[{"href":"https:\/\/grain-dpixel.fr\/info\/wp-json\/wp\/v2\/tribe_events\/10366","targetHints":{"allow":["GET"]}}],"collection":[{"href":"https:\/\/grain-dpixel.fr\/info\/wp-json\/wp\/v2\/tribe_events"}],"about":[{"href":"https:\/\/grain-dpixel.fr\/info\/wp-json\/wp\/v2\/types\/tribe_events"}],"author":[{"embeddable":true,"href":"https:\/\/grain-dpixel.fr\/info\/wp-json\/wp\/v2\/users\/12"}],"replies":[{"embeddable":true,"href":"https:\/\/grain-dpixel.fr\/info\/wp-json\/wp\/v2\/comments?post=10366"}],"version-history":[{"count":2,"href":"https:\/\/grain-dpixel.fr\/info\/wp-json\/wp\/v2\/tribe_events\/10366\/revisions"}],"predecessor-version":[{"id":10369,"href":"https:\/\/grain-dpixel.fr\/info\/wp-json\/wp\/v2\/tribe_events\/10366\/revisions\/10369"}],"wp:featuredmedia":[{"embeddable":true,"href":"https:\/\/grain-dpixel.fr\/info\/wp-json\/wp\/v2\/media\/10367"}],"wp:attachment":[{"href":"https:\/\/grain-dpixel.fr\/info\/wp-json\/wp\/v2\/media?parent=10366"}],"wp:term":[{"taxonomy":"post_tag","embeddable":true,"href":"https:\/\/grain-dpixel.fr\/info\/wp-json\/wp\/v2\/tags?post=10366"},{"taxonomy":"tribe_events_cat","embeddable":true,"href":"https:\/\/grain-dpixel.fr\/info\/wp-json\/wp\/v2\/tribe_events_cat?post=10366"}],"curies":[{"name":"wp","href":"https:\/\/api.w.org\/{rel}","templated":true}]}}

<div class="yiv7220079453">Mode Ouverture a invité la photographe Marie-Pierre Renaud à venir présenter une exposition composée de plus de 70 tirages.</div>
<div class="yiv7220079453"></div>
<div class="yiv7220079453"><span class="yiv7220079453" style="font-family: HelveticaNeue;">Fervente adepte de la photo de rue, c’est dans les grandes métropoles que Marie-Pierre Renaud pratique son Art. Chacune de ses photos nous raconte une histoire, un bref moment de vie qu’elle a su capter. </span></div>
<div class="yiv7220079453"></div>
<div class="yiv7220079453">Vous pouvez retrouver l’<a class="yiv7220079453" href="http://www.modeouverture.com/pages/expositions/zoomsur/zoom-sur-marie-pierre-renaud-avril-2022.html" target="_blank" rel="nofollow noopener noreferrer">interview</a> de Marie Pierre en cliquant sur ce lien.</div>
<div>Pour tous renseignements sur mode ouverture : www.modeouverture.com</div>
<div class="yiv7220079453"></div>
<div>Exposition visible les samedi 7 mai et dimanche 8 mai</div>
<div>ainsi que les samedi 14 et dimanche 15 mai</div>
<div>de 10 à 12h &#8211; 14 à 19h</div>
<div><b class="yiv7220079453">Espace Gandhi &#8211; 77 grande rue à Audincourt</b></div>

<p>Mode Ouverture a invité la photographe Marie-Pierre Renaud à venir présenter une exposition composée de plus de 70 tirages. Fervente adepte de la photo de rue, c’est dans les grandes [&hellip;]</p>
