{"id":10304,"date":"2022-03-29T11:52:34","date_gmt":"2022-03-29T09:52:34","guid":{"rendered":"http:\/\/grain-dpixel.fr\/info\/?post_type=tribe_events&#038;p=10304"},"modified":"2022-03-29T11:52:34","modified_gmt":"2022-03-29T09:52:34","slug":"la-promesse-de-lancre-en-attendant-rodin-5","status":"publish","type":"tribe_events","link":"https:\/\/grain-dpixel.fr\/info\/event\/la-promesse-de-lancre-en-attendant-rodin-5\/","title":{"rendered":"La promesse de l&rsquo;Ancre &#8211; En attendant Rodin"},"content":{"rendered":"<p>Le photographe dijonnais \u00ab\u00a0La Promesse de l&rsquo;Ancre\u00a0\u00bb vient \u00e0 Besan\u00e7on pour nous montrer son regard sur Camille Claudel et sa vie de femme artiste.<\/p>\n<p>Parler d&rsquo;elle, c&rsquo;est parler de passion amoureuse, d&rsquo;un amour qui ne se fera finalement pas, d&rsquo;abandons successifs, de la difficult\u00e9 d&rsquo;\u00eatre artiste, surtout artiste femme au milieu d&rsquo;un monde tr\u00e8s masculin de la fin du 19\u00e8me Si\u00e8cle. C&rsquo;est sans doute parler aussi de trag\u00e9die humaine qu&rsquo;elle traduira, parfois dans ses \u0153uvres \u00e9ternelles au couleurs du d\u00e9sespoir.<\/p>\n<p>C&rsquo;est vous parler aussi de l&rsquo;enfermement psychiatrique, de notre relation \u00e0 un monde qui peut \u00eatre d\u00e9vorant et \u00e0 notre histoire familiale. Evoquer Camille, c&rsquo;est parler de sa sculpture passionn\u00e9e come \u00ab\u00a0la valse\u00a0\u00bb, conceptualis\u00e9e comme \u00ab\u00a0la vague\u00a0\u00bb, tortur\u00e9e comme \u00ab\u00a0L&rsquo;implorante\u00a0\u00bb ou \u00ab\u00a0l&rsquo;abandon\u00a0\u00bb.<\/p>\n<p>\u00ab\u00a0La Promesse de l&rsquo;Ancre\u00a0\u00bb vous parlera de \u00ab\u00a0sa\u00a0\u00bb Camille avec envie et passion, \u00e0 travers ses images r\u00e9alis\u00e9es avec son mod\u00e8le Pauline Ja Paintaing, elle-m\u00eame artiste peintre et com\u00e9dienne, habill\u00e9e de v\u00e9ritables habits de la fun du 19\u00e8me si\u00e8cle pr\u00eat\u00e9s par la costumi\u00e8re Dijonnaise, Nelly Graillot.<\/p>\n<p>&nbsp;<\/p>\n<p>Dimanche 17\u00a0 avril : de 10h \u00e0 12h et de 14h \u00e0 18h<\/p>\n<p>Galerie de l&rsquo;ancienne poste &#8211; 98 grande rue &#8211; Besan\u00e7on<\/p>\n<p>Pour tous renseignements compl\u00e9mentaires, cliquez le lien ci-dessous :<\/p>\n<blockquote class=\"wp-embedded-content\" data-secret=\"grRvxiLxf6\"><p><a href=\"https:\/\/grain-dpixel.fr\/info\/expositions-photographie-contemporaine-grain-dpixel\/la-promesse-de-lancre-en-attendant-rodin\/\">La Promesse de l&rsquo;Ancre &#8211; En attendant Rodin<\/a><\/p><\/blockquote>\n<p><iframe class=\"wp-embedded-content\" sandbox=\"allow-scripts\" security=\"restricted\" style=\"position: absolute; clip: rect(1px, 1px, 1px, 1px);\" title=\"\u00ab\u00a0La Promesse de l&rsquo;Ancre &#8211; En attendant Rodin\u00a0\u00bb &#8212; Grain d&#039;Pixel\" src=\"https:\/\/grain-dpixel.fr\/info\/expositions-photographie-contemporaine-grain-dpixel\/la-promesse-de-lancre-en-attendant-rodin\/embed\/#?secret=bhvhAcafju#?secret=grRvxiLxf6\" data-secret=\"grRvxiLxf6\" width=\"600\" height=\"338\" frameborder=\"0\" marginwidth=\"0\" marginheight=\"0\" scrolling=\"no\"><\/iframe><\/p>\n","protected":false},"excerpt":{"rendered":"<p>Le photographe dijonnais \u00ab\u00a0La Promesse de l&rsquo;Ancre\u00a0\u00bb vient \u00e0 Besan\u00e7on pour nous montrer son regard sur Camille Claudel et sa vie de femme artiste. Parler d&rsquo;elle, c&rsquo;est parler de passion [&hellip;]<\/p>\n","protected":false},"author":12,"featured_media":10271,"comment_status":"open","ping_status":"closed","template":"","meta":{"_bbp_topic_count":0,"_bbp_reply_count":0,"_bbp_total_topic_count":0,"_bbp_total_reply_count":0,"_bbp_voice_count":0,"_bbp_anonymous_reply_count":0,"_bbp_topic_count_hidden":0,"_bbp_reply_count_hidden":0,"_bbp_forum_subforum_count":0,"_monsterinsights_skip_tracking":false,"_monsterinsights_sitenote_active":false,"_monsterinsights_sitenote_note":"","_monsterinsights_sitenote_category":0,"_tribe_events_status":"","_tribe_events_status_reason":"","footnotes":""},"tags":[],"tribe_events_cat":[32],"class_list":["post-10304","tribe_events","type-tribe_events","status-publish","has-post-thumbnail","hentry","tribe_events_cat-evenement-grain-dpixel","cat_evenement-grain-dpixel"],"jetpack_sharing_enabled":true,"_links":{"self":[{"href":"https:\/\/grain-dpixel.fr\/info\/wp-json\/wp\/v2\/tribe_events\/10304","targetHints":{"allow":["GET"]}}],"collection":[{"href":"https:\/\/grain-dpixel.fr\/info\/wp-json\/wp\/v2\/tribe_events"}],"about":[{"href":"https:\/\/grain-dpixel.fr\/info\/wp-json\/wp\/v2\/types\/tribe_events"}],"author":[{"embeddable":true,"href":"https:\/\/grain-dpixel.fr\/info\/wp-json\/wp\/v2\/users\/12"}],"replies":[{"embeddable":true,"href":"https:\/\/grain-dpixel.fr\/info\/wp-json\/wp\/v2\/comments?post=10304"}],"version-history":[{"count":1,"href":"https:\/\/grain-dpixel.fr\/info\/wp-json\/wp\/v2\/tribe_events\/10304\/revisions"}],"predecessor-version":[{"id":10305,"href":"https:\/\/grain-dpixel.fr\/info\/wp-json\/wp\/v2\/tribe_events\/10304\/revisions\/10305"}],"wp:featuredmedia":[{"embeddable":true,"href":"https:\/\/grain-dpixel.fr\/info\/wp-json\/wp\/v2\/media\/10271"}],"wp:attachment":[{"href":"https:\/\/grain-dpixel.fr\/info\/wp-json\/wp\/v2\/media?parent=10304"}],"wp:term":[{"taxonomy":"post_tag","embeddable":true,"href":"https:\/\/grain-dpixel.fr\/info\/wp-json\/wp\/v2\/tags?post=10304"},{"taxonomy":"tribe_events_cat","embeddable":true,"href":"https:\/\/grain-dpixel.fr\/info\/wp-json\/wp\/v2\/tribe_events_cat?post=10304"}],"curies":[{"name":"wp","href":"https:\/\/api.w.org\/{rel}","templated":true}]}}

<p>Le photographe dijonnais « La Promesse de l&rsquo;Ancre » vient à Besançon pour nous montrer son regard sur Camille Claudel et sa vie de femme artiste.</p>
<p>Parler d&rsquo;elle, c&rsquo;est parler de passion amoureuse, d&rsquo;un amour qui ne se fera finalement pas, d&rsquo;abandons successifs, de la difficulté d&rsquo;être artiste, surtout artiste femme au milieu d&rsquo;un monde très masculin de la fin du 19ème Siècle. C&rsquo;est sans doute parler aussi de tragédie humaine qu&rsquo;elle traduira, parfois dans ses œuvres éternelles au couleurs du désespoir.</p>
<p>C&rsquo;est vous parler aussi de l&rsquo;enfermement psychiatrique, de notre relation à un monde qui peut être dévorant et à notre histoire familiale. Evoquer Camille, c&rsquo;est parler de sa sculpture passionnée come « la valse », conceptualisée comme « la vague », torturée comme « L&rsquo;implorante » ou « l&rsquo;abandon ».</p>
<p>« La Promesse de l&rsquo;Ancre » vous parlera de « sa » Camille avec envie et passion, à travers ses images réalisées avec son modèle Pauline Ja Paintaing, elle-même artiste peintre et comédienne, habillée de véritables habits de la fun du 19ème siècle prêtés par la costumière Dijonnaise, Nelly Graillot.</p>
<p>&nbsp;</p>
<p>Dimanche 17  avril : de 10h à 12h et de 14h à 18h</p>
<p>Galerie de l&rsquo;ancienne poste &#8211; 98 grande rue &#8211; Besançon</p>
<p>Pour tous renseignements complémentaires, cliquez le lien ci-dessous :</p>
<blockquote class="wp-embedded-content" data-secret="grRvxiLxf6"><p><a href="https://grain-dpixel.fr/info/expositions-photographie-contemporaine-grain-dpixel/la-promesse-de-lancre-en-attendant-rodin/">La Promesse de l&rsquo;Ancre &#8211; En attendant Rodin</a></p></blockquote>
<p><iframe class="wp-embedded-content" sandbox="allow-scripts" security="restricted" style="position: absolute; clip: rect(1px, 1px, 1px, 1px);" title="« La Promesse de l&rsquo;Ancre &#8211; En attendant Rodin » &#8212; Grain d&#039;Pixel" src="https://grain-dpixel.fr/info/expositions-photographie-contemporaine-grain-dpixel/la-promesse-de-lancre-en-attendant-rodin/embed/#?secret=bhvhAcafju#?secret=grRvxiLxf6" data-secret="grRvxiLxf6" width="600" height="338" frameborder="0" marginwidth="0" marginheight="0" scrolling="no"></iframe></p>

<p>Le photographe dijonnais « La Promesse de l&rsquo;Ancre » vient à Besançon pour nous montrer son regard sur Camille Claudel et sa vie de femme artiste. Parler d&rsquo;elle, c&rsquo;est parler de passion [&hellip;]</p>
