{"id":10227,"date":"2022-03-23T13:15:14","date_gmt":"2022-03-23T12:15:14","guid":{"rendered":"http:\/\/grain-dpixel.fr\/info\/?post_type=tribe_events&#038;p=10227"},"modified":"2022-03-23T13:15:14","modified_gmt":"2022-03-23T12:15:14","slug":"expo-photo-passions-la-miel-offemont","status":"publish","type":"tribe_events","link":"https:\/\/grain-dpixel.fr\/info\/event\/expo-photo-passions-la-miel-offemont\/","title":{"rendered":"Expo Photo Passions &#8211; La MIEL &#8211; Offemont"},"content":{"rendered":"<p>Yves propose de l&rsquo;accompagner \u00e0 cette exposition, ce samedi 26 Mars.<\/p>\n<p>Organis\u00e9e par Phot&rsquo;Offemont \u00e0 l&rsquo;occasion du Week-end d\u00e9couvertes.<\/p>\n<p>A voir, les clich\u00e9s de 10 photographes: Yves Auboyer, Alfred Blaess, Anne Gerlinger, Nicole Grangier, <strong>Nathalie Hamm<\/strong>, Emeline Larher, <strong>Claire Mormina,<\/strong> Michel Villequey, Jean-Jacques Zumkeller, et l&rsquo;invit\u00e9 d\u2019honneur <strong>Marc Paygnard.<\/strong><\/p>\n<p>Au programme \u00e9galement des conf\u00e9rences de Yves Auboyer, Fred Jimenez, Marc Paygnard et Michel Villequey. Entr\u00e9e libre et gratuite.<\/p>\n<p>Rendez vous \u00e0 Amagney pour un covoiturage. D\u00e9part \u00e0 15h45.<\/p>\n<p>&nbsp;<\/p>\n","protected":false},"excerpt":{"rendered":"<p>Yves propose de l&rsquo;accompagner \u00e0 cette exposition, ce samedi 26 Mars. Organis\u00e9e par Phot&rsquo;Offemont \u00e0 l&rsquo;occasion du Week-end d\u00e9couvertes. A voir, les clich\u00e9s de 10 photographes: Yves Auboyer, Alfred Blaess, [&hellip;]<\/p>\n","protected":false},"author":12,"featured_media":10228,"comment_status":"open","ping_status":"closed","template":"","meta":{"_bbp_topic_count":0,"_bbp_reply_count":0,"_bbp_total_topic_count":0,"_bbp_total_reply_count":0,"_bbp_voice_count":0,"_bbp_anonymous_reply_count":0,"_bbp_topic_count_hidden":0,"_bbp_reply_count_hidden":0,"_bbp_forum_subforum_count":0,"_monsterinsights_skip_tracking":false,"_monsterinsights_sitenote_active":false,"_monsterinsights_sitenote_note":"","_monsterinsights_sitenote_category":0,"_tribe_events_status":"","_tribe_events_status_reason":"","footnotes":""},"tags":[],"tribe_events_cat":[12],"class_list":["post-10227","tribe_events","type-tribe_events","status-publish","has-post-thumbnail","hentry","tribe_events_cat-visite-expo","cat_visite-expo"],"jetpack_sharing_enabled":true,"_links":{"self":[{"href":"https:\/\/grain-dpixel.fr\/info\/wp-json\/wp\/v2\/tribe_events\/10227","targetHints":{"allow":["GET"]}}],"collection":[{"href":"https:\/\/grain-dpixel.fr\/info\/wp-json\/wp\/v2\/tribe_events"}],"about":[{"href":"https:\/\/grain-dpixel.fr\/info\/wp-json\/wp\/v2\/types\/tribe_events"}],"author":[{"embeddable":true,"href":"https:\/\/grain-dpixel.fr\/info\/wp-json\/wp\/v2\/users\/12"}],"replies":[{"embeddable":true,"href":"https:\/\/grain-dpixel.fr\/info\/wp-json\/wp\/v2\/comments?post=10227"}],"version-history":[{"count":1,"href":"https:\/\/grain-dpixel.fr\/info\/wp-json\/wp\/v2\/tribe_events\/10227\/revisions"}],"predecessor-version":[{"id":10229,"href":"https:\/\/grain-dpixel.fr\/info\/wp-json\/wp\/v2\/tribe_events\/10227\/revisions\/10229"}],"wp:featuredmedia":[{"embeddable":true,"href":"https:\/\/grain-dpixel.fr\/info\/wp-json\/wp\/v2\/media\/10228"}],"wp:attachment":[{"href":"https:\/\/grain-dpixel.fr\/info\/wp-json\/wp\/v2\/media?parent=10227"}],"wp:term":[{"taxonomy":"post_tag","embeddable":true,"href":"https:\/\/grain-dpixel.fr\/info\/wp-json\/wp\/v2\/tags?post=10227"},{"taxonomy":"tribe_events_cat","embeddable":true,"href":"https:\/\/grain-dpixel.fr\/info\/wp-json\/wp\/v2\/tribe_events_cat?post=10227"}],"curies":[{"name":"wp","href":"https:\/\/api.w.org\/{rel}","templated":true}]}}

<p>Yves propose de l&rsquo;accompagner à cette exposition, ce samedi 26 Mars.</p>
<p>Organisée par Phot&rsquo;Offemont à l&rsquo;occasion du Week-end découvertes.</p>
<p>A voir, les clichés de 10 photographes: Yves Auboyer, Alfred Blaess, Anne Gerlinger, Nicole Grangier, <strong>Nathalie Hamm</strong>, Emeline Larher, <strong>Claire Mormina,</strong> Michel Villequey, Jean-Jacques Zumkeller, et l&rsquo;invité d’honneur <strong>Marc Paygnard.</strong></p>
<p>Au programme également des conférences de Yves Auboyer, Fred Jimenez, Marc Paygnard et Michel Villequey. Entrée libre et gratuite.</p>
<p>Rendez vous à Amagney pour un covoiturage. Départ à 15h45.</p>
<p>&nbsp;</p>

<p>Yves propose de l&rsquo;accompagner à cette exposition, ce samedi 26 Mars. Organisée par Phot&rsquo;Offemont à l&rsquo;occasion du Week-end découvertes. A voir, les clichés de 10 photographes: Yves Auboyer, Alfred Blaess, [&hellip;]</p>
