{"id":10138,"date":"2022-03-08T21:04:13","date_gmt":"2022-03-08T20:04:13","guid":{"rendered":"http:\/\/grain-dpixel.fr\/info\/?post_type=tribe_events&#038;p=10138"},"modified":"2022-03-08T21:04:13","modified_gmt":"2022-03-08T20:04:13","slug":"sortie-photos-anemones-pulsatilles-ornans","status":"publish","type":"tribe_events","link":"https:\/\/grain-dpixel.fr\/info\/event\/sortie-photos-anemones-pulsatilles-ornans\/","title":{"rendered":"Sortie photos An\u00e9mones Pulsatilles &#8211; Ornans"},"content":{"rendered":"<p>Les an\u00e9mones sont sorties!<\/p>\n<p>Nathalie vous propose d&rsquo;aller les photographier ce samedi matin et vous donne Rdv \u00e0 8h30 \u00e0 Ornans, sur le parking de La Fenotte, afin de monter ensemble \u00e0 l&rsquo;endroit tenu secret\u00a0 (prendre le contournement d&rsquo;Ornans pour y acc\u00e9der)<\/p>\n<p>&nbsp;<\/p>\n<p>A samedi<\/p>\n<p>&nbsp;<\/p>\n","protected":false},"excerpt":{"rendered":"<p>Les an\u00e9mones sont sorties! Nathalie vous propose d&rsquo;aller les photographier ce samedi matin et vous donne Rdv \u00e0 8h30 \u00e0 Ornans, sur le parking de La Fenotte, afin de monter [&hellip;]<\/p>\n","protected":false},"author":12,"featured_media":10139,"comment_status":"open","ping_status":"closed","template":"","meta":{"_bbp_topic_count":0,"_bbp_reply_count":0,"_bbp_total_topic_count":0,"_bbp_total_reply_count":0,"_bbp_voice_count":0,"_bbp_anonymous_reply_count":0,"_bbp_topic_count_hidden":0,"_bbp_reply_count_hidden":0,"_bbp_forum_subforum_count":0,"_monsterinsights_skip_tracking":false,"_monsterinsights_sitenote_active":false,"_monsterinsights_sitenote_note":"","_monsterinsights_sitenote_category":0,"_tribe_events_status":"","_tribe_events_status_reason":"","footnotes":""},"tags":[],"tribe_events_cat":[13],"class_list":["post-10138","tribe_events","type-tribe_events","status-publish","has-post-thumbnail","hentry","tribe_events_cat-sortie-photo","cat_sortie-photo"],"jetpack_sharing_enabled":true,"_links":{"self":[{"href":"https:\/\/grain-dpixel.fr\/info\/wp-json\/wp\/v2\/tribe_events\/10138","targetHints":{"allow":["GET"]}}],"collection":[{"href":"https:\/\/grain-dpixel.fr\/info\/wp-json\/wp\/v2\/tribe_events"}],"about":[{"href":"https:\/\/grain-dpixel.fr\/info\/wp-json\/wp\/v2\/types\/tribe_events"}],"author":[{"embeddable":true,"href":"https:\/\/grain-dpixel.fr\/info\/wp-json\/wp\/v2\/users\/12"}],"replies":[{"embeddable":true,"href":"https:\/\/grain-dpixel.fr\/info\/wp-json\/wp\/v2\/comments?post=10138"}],"version-history":[{"count":2,"href":"https:\/\/grain-dpixel.fr\/info\/wp-json\/wp\/v2\/tribe_events\/10138\/revisions"}],"predecessor-version":[{"id":10141,"href":"https:\/\/grain-dpixel.fr\/info\/wp-json\/wp\/v2\/tribe_events\/10138\/revisions\/10141"}],"wp:featuredmedia":[{"embeddable":true,"href":"https:\/\/grain-dpixel.fr\/info\/wp-json\/wp\/v2\/media\/10139"}],"wp:attachment":[{"href":"https:\/\/grain-dpixel.fr\/info\/wp-json\/wp\/v2\/media?parent=10138"}],"wp:term":[{"taxonomy":"post_tag","embeddable":true,"href":"https:\/\/grain-dpixel.fr\/info\/wp-json\/wp\/v2\/tags?post=10138"},{"taxonomy":"tribe_events_cat","embeddable":true,"href":"https:\/\/grain-dpixel.fr\/info\/wp-json\/wp\/v2\/tribe_events_cat?post=10138"}],"curies":[{"name":"wp","href":"https:\/\/api.w.org\/{rel}","templated":true}]}}

Sortie photos Anémones Pulsatilles &#8211; Ornans

<p>Les anémones sont sorties!</p>
<p>Nathalie vous propose d&rsquo;aller les photographier ce samedi matin et vous donne Rdv à 8h30 à Ornans, sur le parking de La Fenotte, afin de monter ensemble à l&rsquo;endroit tenu secret  (prendre le contournement d&rsquo;Ornans pour y accéder)</p>
<p>&nbsp;</p>
<p>A samedi</p>
<p>&nbsp;</p>

<p>Les anémones sont sorties! Nathalie vous propose d&rsquo;aller les photographier ce samedi matin et vous donne Rdv à 8h30 à Ornans, sur le parking de La Fenotte, afin de monter [&hellip;]</p>
