{"id":9292,"date":"2021-08-10T18:45:23","date_gmt":"2021-08-10T16:45:23","guid":{"rendered":"http:\/\/grain-dpixel.fr\/info\/?page_id=9292"},"modified":"2021-09-10T08:34:19","modified_gmt":"2021-09-10T06:34:19","slug":"programme-du-festival-photographie-besancon-2021","status":"publish","type":"page","link":"https:\/\/grain-dpixel.fr\/info\/programme-du-festival-photographie-besancon-2021\/","title":{"rendered":"Programme du Festival Photographie Besan\u00e7on 2021"},"content":{"rendered":"\n<div class=\"wp-block-group has-vivid-red-color has-text-color\"><div class=\"wp-block-group__inner-container is-layout-flow wp-block-group-is-layout-flow\">\n<p class=\"has-black-color has-text-color wp-block-paragraph\">Le programme du festival est t\u00e9l\u00e9chargeable ci-dessous<br>Les liens d&rsquo;inscription seront affich\u00e9s au fur et \u00e0 mesure de leur disponibilit\u00e9.<br><\/p>\n<\/div><\/div>\n\n\n\n<div class=\"wp-block-file\"><a href=\"http:\/\/grain-dpixel.fr\/info\/wp-content\/uploads\/2021\/09\/programme-simple-festival-2021.pdf\" target=\"_blank\" rel=\"noreferrer noopener\">programme simple festival 2021<\/a><a href=\"http:\/\/grain-dpixel.fr\/info\/wp-content\/uploads\/2021\/09\/programme-simple-festival-2021.pdf\" class=\"wp-block-file__button\" download>T\u00e9l\u00e9charger<\/a><\/div>\n\n\n\n<p class=\"wp-block-paragraph\"><\/p>\n","protected":false},"excerpt":{"rendered":"<p>Le programme du festival est t\u00e9l\u00e9chargeable ci-dessousLes liens d&rsquo;inscription seront affich\u00e9s au fur et \u00e0 mesure de leur disponibilit\u00e9.<\/p>\n","protected":false},"author":1,"featured_media":0,"parent":0,"menu_order":0,"comment_status":"closed","ping_status":"closed","template":"","meta":{"_bbp_topic_count":0,"_bbp_reply_count":0,"_bbp_total_topic_count":0,"_bbp_total_reply_count":0,"_bbp_voice_count":0,"_bbp_anonymous_reply_count":0,"_bbp_topic_count_hidden":0,"_bbp_reply_count_hidden":0,"_bbp_forum_subforum_count":0,"_monsterinsights_skip_tracking":false,"footnotes":""},"class_list":["post-9292","page","type-page","status-publish","hentry"],"jetpack_sharing_enabled":true,"_links":{"self":[{"href":"https:\/\/grain-dpixel.fr\/info\/wp-json\/wp\/v2\/pages\/9292","targetHints":{"allow":["GET"]}}],"collection":[{"href":"https:\/\/grain-dpixel.fr\/info\/wp-json\/wp\/v2\/pages"}],"about":[{"href":"https:\/\/grain-dpixel.fr\/info\/wp-json\/wp\/v2\/types\/page"}],"author":[{"embeddable":true,"href":"https:\/\/grain-dpixel.fr\/info\/wp-json\/wp\/v2\/users\/1"}],"replies":[{"embeddable":true,"href":"https:\/\/grain-dpixel.fr\/info\/wp-json\/wp\/v2\/comments?post=9292"}],"version-history":[{"count":4,"href":"https:\/\/grain-dpixel.fr\/info\/wp-json\/wp\/v2\/pages\/9292\/revisions"}],"predecessor-version":[{"id":9582,"href":"https:\/\/grain-dpixel.fr\/info\/wp-json\/wp\/v2\/pages\/9292\/revisions\/9582"}],"wp:attachment":[{"href":"https:\/\/grain-dpixel.fr\/info\/wp-json\/wp\/v2\/media?parent=9292"}],"curies":[{"name":"wp","href":"https:\/\/api.w.org\/{rel}","templated":true}]}}

Programme du Festival Photographie Besançon 2021

<div class="wp-block-group has-vivid-red-color has-text-color"><div class="wp-block-group__inner-container is-layout-flow wp-block-group-is-layout-flow">
<p class="has-black-color has-text-color wp-block-paragraph">Le programme du festival est téléchargeable ci-dessous<br>Les liens d&rsquo;inscription seront affichés au fur et à mesure de leur disponibilité.<br></p>
</div></div>



<div class="wp-block-file"><a href="http://grain-dpixel.fr/info/wp-content/uploads/2021/09/programme-simple-festival-2021.pdf" target="_blank" rel="noreferrer noopener">programme simple festival 2021</a><a href="http://grain-dpixel.fr/info/wp-content/uploads/2021/09/programme-simple-festival-2021.pdf" class="wp-block-file__button" download>Télécharger</a></div>



<p class="wp-block-paragraph"></p>

<p>Le programme du festival est téléchargeable ci-dessousLes liens d&rsquo;inscription seront affichés au fur et à mesure de leur disponibilité.</p>
