{"id":8086,"date":"2020-07-31T01:01:00","date_gmt":"2020-07-30T23:01:00","guid":{"rendered":"http:\/\/grain-dpixel.fr\/info\/?page_id=8086"},"modified":"2020-09-18T17:38:46","modified_gmt":"2020-09-18T15:38:46","slug":"rallye-photographie-besancon-2020","status":"publish","type":"page","link":"https:\/\/grain-dpixel.fr\/info\/rallye-photographie-besancon-2020\/","title":{"rendered":"Rallye Photographie Besan\u00e7on 2020"},"content":{"rendered":"\n<h1 class=\"has-text-align-center wp-block-heading\">INSCRIPTIONS<\/h1>\n\n\n\n<h3 class=\"has-text-align-center wp-block-heading\">Le 19 septembre 2020<br>de 14h00 \u00e0 18h00<\/h3>\n\n\n\n<h2 class=\"has-text-align-center wp-block-heading\">Grain d&rsquo;Pixel vous lance<br>4 d\u00e9fis photographiques<br>en 4 heures<br>et seulement 4 photos.<\/h2>\n\n\n\n<p class=\"has-text-align-center\">Munis de votre propre mat\u00e9riel photographique, toutes les heures vous d\u00e9couvrirez la nature d&rsquo;un d\u00e9fi \u00e0 relever en 60 minutes maximum. <\/p>\n\n\n\n<h2 class=\"has-vivid-red-color has-text-color has-text-align-center wp-block-heading\">Nouveau<\/h2>\n\n\n\n<p class=\"has-text-align-center has-medium-font-size\">Cette ann\u00e9e le rallye est ouvert \u00e0 tous, amateur, \u00e9tudiant ou professionnel <\/p>\n\n\n\n<p class=\"has-text-align-center has-medium-font-size\">et il est possible de participer avec un smartphone \u00e0 condition de pouvoir envoyer sa photo par mail \u00e0 la fin de chaque p\u00e9riode<\/p>\n\n\n\n<p>Votre terrain de jeu sera le centre ville de Besan\u00e7on. L&rsquo;enjeu : r\u00e9v\u00e9ler dans une seule photo votre<strong> sens artistique<\/strong> en <strong>respectant les termes <\/strong>du d\u00e9fi. Un jury de professionnels d\u00e9signera 3 laur\u00e9ats par d\u00e9fi et un prix sp\u00e9cial. Les laur\u00e9ats seront r\u00e9compens\u00e9s. ET tous les participants recevront un lot de consolation.<\/p>\n\n\n\n<p class=\"has-normal-font-size\">Le Rallye Photographie Besan\u00e7on c&rsquo;est l&rsquo;occasion de partager la passion de la photographie entre les concurrents pendant les d\u00e9fis mais pas seulement. En acceptant de concourir, vous accepter de c\u00e9der un tirage de l&rsquo;une de vos photographies \u00e0 un autre concurrent. Pendant que le jury d\u00e9lib\u00e8re, vous aurez tout le temps de discuter entre vous pour choisir une photo d&rsquo;un des autres participants.<br>Et vous pourrez voter pour votre photo pr\u00e9f\u00e9r\u00e9e parmi toutes celles qui auront \u00e9t\u00e9 soumises par tous les concurrents lors des trois premiers d\u00e9fis.<\/p>\n\n\n\n<p class=\"has-text-align-center\">La participation implique l&rsquo;acceptation du<br><a href=\"http:\/\/grain-dpixel.fr\/info\/wp-content\/uploads\/2020\/07\/Reglement_complet_du_rallye_photo_du_festival_besancon_2020.pdf\" target=\"_blank\" rel=\"noreferrer noopener\">R<strong>\u00e8glement complet du Rallye Photo du Festival Photographie Besan\u00e7on_2020<\/strong><\/a><\/p>\n\n\n\n<p class=\"has-text-align-center\"><a href=\"http:\/\/grain-dpixel.fr\/info\/wp-content\/uploads\/2019\/09\/plan-le-mo-doubs.pdf\" target=\"_blank\" rel=\"noreferrer noopener\"><strong>T\u00e9l\u00e9chargez le plan d&rsquo;acc\u00e8s<\/strong><\/a><\/p>\n\n\n\n<p class=\"has-text-align-center\">Les frais de participation s&rsquo;\u00e9l\u00e8vent \u00e0 15\u20ac en individuel ou 20\u20ac en \u00e9quipe de deux personnes<\/p>\n\n\n\n<h2 class=\"has-text-align-center wp-block-heading\">Les inscriptions sont closes<\/h2>\n\n\n\n<iframe id=\"haWidget\" allowtransparency=\"true\" scrolling=\"auto\" src=\"https:\/\/www.helloasso.com\/associations\/grain-d-pixel\/evenements\/rallye-photographie-besancon-2020\/widget\" style=\"width:100%;height:750px;border:none;\" onload=\"window.scroll(0, this.offsetTop)\"><\/iframe><div style=\"width:100%;text-align:center;\">Propuls\u00e9 par <a href=\"https:\/\/www.helloasso.com\" rel=\"nofollow\">HelloAsso<\/a><\/div>\n\n\n\n<div class=\"wp-block-image\"><figure class=\"aligncenter size-large is-resized\"><img decoding=\"async\" src=\"http:\/\/grain-dpixel.fr\/info\/wp-content\/uploads\/2020\/07\/bandeau-soutien-rallye.jpg\" alt=\"\" class=\"wp-image-8106\" width=\"950\"\/><\/figure><\/div>\n\n\n\n<p><\/p>\n","protected":false},"excerpt":{"rendered":"<p>INSCRIPTIONS Le 19 septembre 2020de 14h00 \u00e0 18h00 Grain d&rsquo;Pixel vous lance4 d\u00e9fis photographiquesen 4 heureset seulement 4 photos. Munis de votre propre mat\u00e9riel photographique, toutes les heures vous d\u00e9couvrirez [&hellip;]<\/p>\n","protected":false},"author":1,"featured_media":0,"parent":0,"menu_order":0,"comment_status":"closed","ping_status":"closed","template":"","meta":{"_bbp_topic_count":0,"_bbp_reply_count":0,"_bbp_total_topic_count":0,"_bbp_total_reply_count":0,"_bbp_voice_count":0,"_bbp_anonymous_reply_count":0,"_bbp_topic_count_hidden":0,"_bbp_reply_count_hidden":0,"_bbp_forum_subforum_count":0,"_monsterinsights_skip_tracking":false,"_monsterinsights_sitenote_active":false,"_monsterinsights_sitenote_note":"","_monsterinsights_sitenote_category":0,"footnotes":""},"class_list":["post-8086","page","type-page","status-publish","hentry"],"jetpack_sharing_enabled":true,"_links":{"self":[{"href":"https:\/\/grain-dpixel.fr\/info\/wp-json\/wp\/v2\/pages\/8086","targetHints":{"allow":["GET"]}}],"collection":[{"href":"https:\/\/grain-dpixel.fr\/info\/wp-json\/wp\/v2\/pages"}],"about":[{"href":"https:\/\/grain-dpixel.fr\/info\/wp-json\/wp\/v2\/types\/page"}],"author":[{"embeddable":true,"href":"https:\/\/grain-dpixel.fr\/info\/wp-json\/wp\/v2\/users\/1"}],"replies":[{"embeddable":true,"href":"https:\/\/grain-dpixel.fr\/info\/wp-json\/wp\/v2\/comments?post=8086"}],"version-history":[{"count":17,"href":"https:\/\/grain-dpixel.fr\/info\/wp-json\/wp\/v2\/pages\/8086\/revisions"}],"predecessor-version":[{"id":8514,"href":"https:\/\/grain-dpixel.fr\/info\/wp-json\/wp\/v2\/pages\/8086\/revisions\/8514"}],"wp:attachment":[{"href":"https:\/\/grain-dpixel.fr\/info\/wp-json\/wp\/v2\/media?parent=8086"}],"curies":[{"name":"wp","href":"https:\/\/api.w.org\/{rel}","templated":true}]}}

Rallye Photographie Besançon 2020

<h1 class="has-text-align-center wp-block-heading">INSCRIPTIONS</h1>



<h3 class="has-text-align-center wp-block-heading">Le 19 septembre 2020<br>de 14h00 à 18h00</h3>



<h2 class="has-text-align-center wp-block-heading">Grain d&rsquo;Pixel vous lance<br>4 défis photographiques<br>en 4 heures<br>et seulement 4 photos.</h2>



<p class="has-text-align-center">Munis de votre propre matériel photographique, toutes les heures vous découvrirez la nature d&rsquo;un défi à relever en 60 minutes maximum. </p>



<h2 class="has-vivid-red-color has-text-color has-text-align-center wp-block-heading">Nouveau</h2>



<p class="has-text-align-center has-medium-font-size">Cette année le rallye est ouvert à tous, amateur, étudiant ou professionnel </p>



<p class="has-text-align-center has-medium-font-size">et il est possible de participer avec un smartphone à condition de pouvoir envoyer sa photo par mail à la fin de chaque période</p>



<p>Votre terrain de jeu sera le centre ville de Besançon. L&rsquo;enjeu : révéler dans une seule photo votre<strong> sens artistique</strong> en <strong>respectant les termes </strong>du défi. Un jury de professionnels désignera 3 lauréats par défi et un prix spécial. Les lauréats seront récompensés. ET tous les participants recevront un lot de consolation.</p>



<p class="has-normal-font-size">Le Rallye Photographie Besançon c&rsquo;est l&rsquo;occasion de partager la passion de la photographie entre les concurrents pendant les défis mais pas seulement. En acceptant de concourir, vous accepter de céder un tirage de l&rsquo;une de vos photographies à un autre concurrent. Pendant que le jury délibère, vous aurez tout le temps de discuter entre vous pour choisir une photo d&rsquo;un des autres participants.<br>Et vous pourrez voter pour votre photo préférée parmi toutes celles qui auront été soumises par tous les concurrents lors des trois premiers défis.</p>



<p class="has-text-align-center">La participation implique l&rsquo;acceptation du<br><a href="http://grain-dpixel.fr/info/wp-content/uploads/2020/07/Reglement_complet_du_rallye_photo_du_festival_besancon_2020.pdf" target="_blank" rel="noreferrer noopener">R<strong>èglement complet du Rallye Photo du Festival Photographie Besançon_2020</strong></a></p>



<p class="has-text-align-center"><a href="http://grain-dpixel.fr/info/wp-content/uploads/2019/09/plan-le-mo-doubs.pdf" target="_blank" rel="noreferrer noopener"><strong>Téléchargez le plan d&rsquo;accès</strong></a></p>



<p class="has-text-align-center">Les frais de participation s&rsquo;élèvent à 15€ en individuel ou 20€ en équipe de deux personnes</p>



<h2 class="has-text-align-center wp-block-heading">Les inscriptions sont closes</h2>



<iframe id="haWidget" allowtransparency="true" scrolling="auto" src="https://www.helloasso.com/associations/grain-d-pixel/evenements/rallye-photographie-besancon-2020/widget" style="width:100%;height:750px;border:none;" onload="window.scroll(0, this.offsetTop)"></iframe><div style="width:100%;text-align:center;">Propulsé par <a href="https://www.helloasso.com" rel="nofollow">HelloAsso</a></div>



<div class="wp-block-image"><figure class="aligncenter size-large is-resized"><img decoding="async" src="http://grain-dpixel.fr/info/wp-content/uploads/2020/07/bandeau-soutien-rallye.jpg" alt="" class="wp-image-8106" width="950"/></figure></div>



<p></p>

<p>INSCRIPTIONS Le 19 septembre 2020de 14h00 à 18h00 Grain d&rsquo;Pixel vous lance4 défis photographiquesen 4 heureset seulement 4 photos. Munis de votre propre matériel photographique, toutes les heures vous découvrirez [&hellip;]</p>
