{"id":15242,"date":"2023-12-17T12:15:23","date_gmt":"2023-12-17T11:15:23","guid":{"rendered":"https:\/\/grain-dpixel.fr\/info\/?page_id=15242"},"modified":"2026-01-22T10:26:28","modified_gmt":"2026-01-22T09:26:28","slug":"faire-un-don","status":"publish","type":"page","link":"https:\/\/grain-dpixel.fr\/info\/faire-un-don\/","title":{"rendered":"Faire un don"},"content":{"rendered":"<h2>Nous sommes une association reconnue d&rsquo;int\u00e9r\u00eat g\u00e9n\u00e9ral dans le domaine de la culture. Dans ce cadre, nous pouvons \u00e9mettre des re\u00e7us fiscaux, d\u00e9ductibles des imp\u00f4ts,\u00a0 pour toute personne qui effectue un don aupr\u00e8s de notre association.<\/h2>\n\n\n<p><span style=\"box-sizing: inherit; font-weight: bolder; color: rgb(64, 64, 64); font-family: Roboto, sans-serif; font-size: 20px; white-space-collapse: collapse; background-color: rgb(255, 248, 219);\"><a rel=\"noreferrer noopener\" style=\"box-sizing: inherit; background-color: transparent; color: rgb(0, 0, 0);\" href=\"https:\/\/grain-d-pixel-association-pour-la-photographie.assoconnect.com\/collect\/description\/209686-y-nous-soutenir-par-votre-don\" target=\"_blank\"><mark style=\"background-color:rgba(0, 0, 0, 0)\" class=\"has-inline-color has-luminous-vivid-amber-color\">R\u00e9aliser un don libre<\/mark><\/a><\/span><span style=\"color: rgb(64, 64, 64); font-family: Roboto, sans-serif; font-size: 20px; white-space-collapse: collapse; background-color: rgb(255, 248, 219);\">&nbsp;qui apportera votre soutien \u00e0 notre association pour organiser les \u00e9v\u00e8nements que nous vous proposons tout au long de l&rsquo;ann\u00e9e tels que le Festival Photographie Besan\u00e7on, les expositions Photographie Contemporaine, des stages et des activit\u00e9s club photo.<\/span><\/p>\n\n\n\n<p style=\"font-size:24px\">Ou flasher le QrCode ci-dessous :<\/p>\n\n\n\n<figure class=\"wp-block-image size-full is-resized\"><a href=\"https:\/\/grain-dpixel.fr\/info\/wp-content\/uploads\/2026\/01\/qrcode-don.jpg\"><img decoding=\"async\" width=\"220\" height=\"220\" src=\"https:\/\/grain-dpixel.fr\/info\/wp-content\/uploads\/2026\/01\/qrcode-don.jpg\" alt=\"\" class=\"wp-image-17701\" style=\"width:231px;height:auto\" srcset=\"https:\/\/grain-dpixel.fr\/info\/wp-content\/uploads\/2026\/01\/qrcode-don.jpg 220w, https:\/\/grain-dpixel.fr\/info\/wp-content\/uploads\/2026\/01\/qrcode-don-150x150.jpg 150w\" sizes=\"(max-width: 220px) 100vw, 220px\" \/><\/a><\/figure>\n","protected":false},"excerpt":{"rendered":"<p>Nous sommes une association reconnue d&rsquo;int\u00e9r\u00eat g\u00e9n\u00e9ral dans le domaine de la culture. Dans ce cadre, nous pouvons \u00e9mettre des re\u00e7us fiscaux, d\u00e9ductibles des imp\u00f4ts,\u00a0 pour toute personne qui effectue [&hellip;]<\/p>\n","protected":false},"author":4,"featured_media":0,"parent":0,"menu_order":0,"comment_status":"closed","ping_status":"closed","template":"","meta":{"_bbp_topic_count":0,"_bbp_reply_count":0,"_bbp_total_topic_count":0,"_bbp_total_reply_count":0,"_bbp_voice_count":0,"_bbp_anonymous_reply_count":0,"_bbp_topic_count_hidden":0,"_bbp_reply_count_hidden":0,"_bbp_forum_subforum_count":0,"_monsterinsights_skip_tracking":false,"_monsterinsights_sitenote_active":false,"_monsterinsights_sitenote_note":"","_monsterinsights_sitenote_category":0,"footnotes":""},"class_list":["post-15242","page","type-page","status-publish","hentry"],"jetpack_sharing_enabled":true,"_links":{"self":[{"href":"https:\/\/grain-dpixel.fr\/info\/wp-json\/wp\/v2\/pages\/15242","targetHints":{"allow":["GET"]}}],"collection":[{"href":"https:\/\/grain-dpixel.fr\/info\/wp-json\/wp\/v2\/pages"}],"about":[{"href":"https:\/\/grain-dpixel.fr\/info\/wp-json\/wp\/v2\/types\/page"}],"author":[{"embeddable":true,"href":"https:\/\/grain-dpixel.fr\/info\/wp-json\/wp\/v2\/users\/4"}],"replies":[{"embeddable":true,"href":"https:\/\/grain-dpixel.fr\/info\/wp-json\/wp\/v2\/comments?post=15242"}],"version-history":[{"count":7,"href":"https:\/\/grain-dpixel.fr\/info\/wp-json\/wp\/v2\/pages\/15242\/revisions"}],"predecessor-version":[{"id":17704,"href":"https:\/\/grain-dpixel.fr\/info\/wp-json\/wp\/v2\/pages\/15242\/revisions\/17704"}],"wp:attachment":[{"href":"https:\/\/grain-dpixel.fr\/info\/wp-json\/wp\/v2\/media?parent=15242"}],"curies":[{"name":"wp","href":"https:\/\/api.w.org\/{rel}","templated":true}]}}