{"id":10944,"date":"2022-08-29T09:33:01","date_gmt":"2022-08-29T07:33:01","guid":{"rendered":"http:\/\/grain-dpixel.fr\/info\/?page_id=10944"},"modified":"2022-10-03T15:19:13","modified_gmt":"2022-10-03T13:19:13","slug":"les-stages-du-festival-photographie-besancon-2022","status":"publish","type":"page","link":"https:\/\/grain-dpixel.fr\/info\/les-stages-du-festival-photographie-besancon-2022\/","title":{"rendered":"Les stages 2022"},"content":{"rendered":"\n<p>Comme chaque ann\u00e9e, le Festival est l&rsquo;occasion de suivre un stage photographique.<\/p>\n\n\n\n<figure class=\"wp-block-image size-large is-resized\"><a href=\"http:\/\/grain-dpixel.fr\/info\/wp-content\/uploads\/2022\/08\/IMG_12709078-scaled.jpg\"><img fetchpriority=\"high\" decoding=\"async\" src=\"http:\/\/grain-dpixel.fr\/info\/wp-content\/uploads\/2022\/08\/IMG_12709078-1024x683.jpg\" alt=\"\" class=\"wp-image-10961\" width=\"729\" height=\"486\" srcset=\"https:\/\/grain-dpixel.fr\/info\/wp-content\/uploads\/2022\/08\/IMG_12709078-1024x683.jpg 1024w, https:\/\/grain-dpixel.fr\/info\/wp-content\/uploads\/2022\/08\/IMG_12709078-300x200.jpg 300w, https:\/\/grain-dpixel.fr\/info\/wp-content\/uploads\/2022\/08\/IMG_12709078-768x512.jpg 768w, https:\/\/grain-dpixel.fr\/info\/wp-content\/uploads\/2022\/08\/IMG_12709078-1536x1024.jpg 1536w, https:\/\/grain-dpixel.fr\/info\/wp-content\/uploads\/2022\/08\/IMG_12709078-2048x1365.jpg 2048w\" sizes=\"(max-width: 729px) 100vw, 729px\" \/><\/a><\/figure>\n\n\n\n<p class=\"has-medium-font-size\"><strong>30 septembre 2022 &#8211; de 18h30 \u00e0 21h30 : Initiation au lightpainting, anim\u00e9 par San Art<\/strong><\/p>\n\n\n\n<iframe id=\"haWidget\" allowtransparency=\"true\" src=\"https:\/\/www.helloasso.com\/associations\/grain-d-pixel\/evenements\/stage-light-painting-par-san-art-session-du-30-septembre-2022\/widget-bouton\" style=\"width: 100%; height: 70px; border: none;\"><\/iframe>\n\n\n\n<p class=\"has-medium-font-size\"><strong>14 octobre 2022 &#8211; de 18h30 \u00e0 21h30 : Initiation au lightpainting, anim\u00e9 par San Art<\/strong><\/p>\n\n\n\n<iframe id=\"haWidget\" allowtransparency=\"true\" src=\"https:\/\/www.helloasso.com\/associations\/grain-d-pixel\/evenements\/stage-light-painting-par-san-art-session-du-14-octobre-2022\/widget-bouton\" style=\"width: 100%; height: 70px; border: none;\"><\/iframe>\n\n\n\n<figure class=\"wp-block-image size-large is-resized\"><a href=\"http:\/\/grain-dpixel.fr\/info\/wp-content\/uploads\/2022\/08\/Visuel_photo-rue.jpg\"><img decoding=\"async\" src=\"http:\/\/grain-dpixel.fr\/info\/wp-content\/uploads\/2022\/08\/Visuel_photo-rue-1024x683.jpg\" alt=\"\" class=\"wp-image-10962\" width=\"733\" height=\"489\" srcset=\"https:\/\/grain-dpixel.fr\/info\/wp-content\/uploads\/2022\/08\/Visuel_photo-rue-1024x683.jpg 1024w, https:\/\/grain-dpixel.fr\/info\/wp-content\/uploads\/2022\/08\/Visuel_photo-rue-300x200.jpg 300w, https:\/\/grain-dpixel.fr\/info\/wp-content\/uploads\/2022\/08\/Visuel_photo-rue-768x512.jpg 768w, https:\/\/grain-dpixel.fr\/info\/wp-content\/uploads\/2022\/08\/Visuel_photo-rue.jpg 1200w\" sizes=\"(max-width: 733px) 100vw, 733px\" \/><\/a><\/figure>\n\n\n\n<p class=\"has-medium-font-size\"><strong>15 octobre 2022 &#8211; de 8h00 \u00e0 18h00 : Photographie de rues, anim\u00e9 par Jean-Charles Sexe<\/strong><\/p>\n\n\n\n<iframe id=\"haWidget\" allowtransparency=\"true\" src=\"https:\/\/www.helloasso.com\/associations\/grain-d-pixel\/evenements\/stage-photo-la-photo-de-rues\/widget-bouton\" style=\"width: 100%; height: 70px; border: none;\"><\/iframe>\n\n\n\n<p class=\"has-medium-font-size\"><strong>29 octobre 2022 &#8211; de 8h00 \u00e0 18h00 : Photographie de rues, anim\u00e9 par Jean-Charles Sexe<\/strong><\/p>\n\n\n\n<iframe id=\"haWidget\" allowtransparency=\"true\" src=\"https:\/\/www.helloasso.com\/associations\/grain-d-pixel\/evenements\/stage-la-photo-de-rues-session-du-29-octobre-2022\/widget-bouton\" style=\"width: 100%; height: 70px; border: none;\"><\/iframe>\n\n\n\n<div class=\"wp-block-group\"><div class=\"wp-block-group__inner-container is-layout-flow wp-block-group-is-layout-flow\">\n<p><\/p>\n\n\n\n<figure class=\"wp-block-image size-medium is-resized\"><a href=\"http:\/\/grain-dpixel.fr\/info\/wp-content\/uploads\/2022\/09\/Paysage-2.jpg\"><img decoding=\"async\" src=\"http:\/\/grain-dpixel.fr\/info\/wp-content\/uploads\/2022\/09\/Paysage-2-300x200.jpg\" alt=\"\" class=\"wp-image-10978\" width=\"735\" height=\"490\" srcset=\"https:\/\/grain-dpixel.fr\/info\/wp-content\/uploads\/2022\/09\/Paysage-2-300x200.jpg 300w, https:\/\/grain-dpixel.fr\/info\/wp-content\/uploads\/2022\/09\/Paysage-2-1024x683.jpg 1024w, https:\/\/grain-dpixel.fr\/info\/wp-content\/uploads\/2022\/09\/Paysage-2-768x512.jpg 768w, https:\/\/grain-dpixel.fr\/info\/wp-content\/uploads\/2022\/09\/Paysage-2-1536x1025.jpg 1536w, https:\/\/grain-dpixel.fr\/info\/wp-content\/uploads\/2022\/09\/Paysage-2.jpg 1920w\" sizes=\"(max-width: 735px) 100vw, 735px\" \/><\/a><\/figure>\n<\/div><\/div>\n\n\n\n<p class=\"has-medium-font-size\"><strong>15 octobre 2022 &#8211; de 9h00 \u00e0 13h00 : Les bases de la photographie num\u00e9rique, anim\u00e9 par Thibaut Froehly<\/strong><\/p>\n\n\n\n<iframe id=\"haWidget\" allowtransparency=\"true\" src=\"https:\/\/www.helloasso.com\/associations\/grain-d-pixel\/evenements\/sg01-les-bases-de-la-photographie-numerique-par-thibaut-froehly\/widget-bouton\" style=\"width: 100%; height: 70px; border: none;\"><\/iframe>\n\n\n\n<div class=\"wp-block-buttons is-layout-flex wp-block-buttons-is-layout-flex\"><\/div>\n\n\n\n<figure class=\"wp-block-image size-large is-resized\"><a href=\"http:\/\/grain-dpixel.fr\/info\/wp-content\/uploads\/2022\/09\/stage-paysage-urbain.jpg\"><img loading=\"lazy\" decoding=\"async\" src=\"http:\/\/grain-dpixel.fr\/info\/wp-content\/uploads\/2022\/09\/stage-paysage-urbain-1024x634.jpg\" alt=\"\" class=\"wp-image-10984\" width=\"739\" height=\"458\" srcset=\"https:\/\/grain-dpixel.fr\/info\/wp-content\/uploads\/2022\/09\/stage-paysage-urbain-1024x634.jpg 1024w, https:\/\/grain-dpixel.fr\/info\/wp-content\/uploads\/2022\/09\/stage-paysage-urbain-300x186.jpg 300w, https:\/\/grain-dpixel.fr\/info\/wp-content\/uploads\/2022\/09\/stage-paysage-urbain-768x475.jpg 768w, https:\/\/grain-dpixel.fr\/info\/wp-content\/uploads\/2022\/09\/stage-paysage-urbain-1536x951.jpg 1536w, https:\/\/grain-dpixel.fr\/info\/wp-content\/uploads\/2022\/09\/stage-paysage-urbain.jpg 1682w\" sizes=\"(max-width: 739px) 100vw, 739px\" \/><\/a><\/figure>\n\n\n\n<p class=\"has-medium-font-size\"><strong>15 octobre 2022 &#8211; de 15h00 \u00e0 20h30 : Initiation \u00e0 la photo de paysage, anim\u00e9 par Thibaut Froehly<\/strong><\/p>\n\n\n\n<iframe id=\"haWidget\" allowtransparency=\"true\" src=\"https:\/\/www.helloasso.com\/associations\/grain-d-pixel\/evenements\/sg10-initiation-a-la-photo-de-paysage-par-thibaut-froehly\/widget-bouton\" style=\"width: 100%; height: 70px; border: none;\"><\/iframe>\n\n\n\n<figure class=\"wp-block-image size-large is-resized\"><a href=\"http:\/\/grain-dpixel.fr\/info\/wp-content\/uploads\/2022\/09\/Noir-et-Blanc-Paysage.jpg\"><img loading=\"lazy\" decoding=\"async\" src=\"http:\/\/grain-dpixel.fr\/info\/wp-content\/uploads\/2022\/09\/Noir-et-Blanc-Paysage-1024x674.jpg\" alt=\"\" class=\"wp-image-10985\" width=\"741\" height=\"488\" srcset=\"https:\/\/grain-dpixel.fr\/info\/wp-content\/uploads\/2022\/09\/Noir-et-Blanc-Paysage-1024x674.jpg 1024w, https:\/\/grain-dpixel.fr\/info\/wp-content\/uploads\/2022\/09\/Noir-et-Blanc-Paysage-300x197.jpg 300w, https:\/\/grain-dpixel.fr\/info\/wp-content\/uploads\/2022\/09\/Noir-et-Blanc-Paysage-768x505.jpg 768w, https:\/\/grain-dpixel.fr\/info\/wp-content\/uploads\/2022\/09\/Noir-et-Blanc-Paysage-1536x1010.jpg 1536w, https:\/\/grain-dpixel.fr\/info\/wp-content\/uploads\/2022\/09\/Noir-et-Blanc-Paysage.jpg 1642w\" sizes=\"(max-width: 741px) 100vw, 741px\" \/><\/a><\/figure>\n\n\n\n<p class=\"has-medium-font-size\"><strong>16 octobre 2022 &#8211; de 9h00 \u00e0 13h00 : La photographie num\u00e9rique noir et blanc, anim\u00e9 par Thibaut Froehly<\/strong><\/p>\n\n\n\n<iframe id=\"haWidget\" allowtransparency=\"true\" src=\"https:\/\/www.helloasso.com\/associations\/grain-d-pixel\/evenements\/sg60-la-photographie-numerique-noir-et-blanc-par-thibaut-froehly\/widget-bouton\" style=\"width: 100%; height: 70px; border: none;\"><\/iframe>\n\n\n\n<figure class=\"wp-block-image size-large is-resized\"><a href=\"http:\/\/grain-dpixel.fr\/info\/wp-content\/uploads\/2022\/09\/Architecture.jpg\"><img loading=\"lazy\" decoding=\"async\" src=\"http:\/\/grain-dpixel.fr\/info\/wp-content\/uploads\/2022\/09\/Architecture-1024x661.jpg\" alt=\"\" class=\"wp-image-10986\" width=\"743\" height=\"480\" srcset=\"https:\/\/grain-dpixel.fr\/info\/wp-content\/uploads\/2022\/09\/Architecture-1024x661.jpg 1024w, https:\/\/grain-dpixel.fr\/info\/wp-content\/uploads\/2022\/09\/Architecture-300x194.jpg 300w, https:\/\/grain-dpixel.fr\/info\/wp-content\/uploads\/2022\/09\/Architecture-768x496.jpg 768w, https:\/\/grain-dpixel.fr\/info\/wp-content\/uploads\/2022\/09\/Architecture-1536x991.jpg 1536w, https:\/\/grain-dpixel.fr\/info\/wp-content\/uploads\/2022\/09\/Architecture.jpg 1920w\" sizes=\"(max-width: 743px) 100vw, 743px\" \/><\/a><\/figure>\n\n\n\n<p class=\"has-medium-font-size\"><strong>16 octobre 2022 &#8211; de 14h00 \u00e0 18h00 :La photographie d\u2019architecture, anim\u00e9 par Thibaut Froehly<\/strong><\/p>\n\n\n\n<iframe id=\"haWidget\" allowtransparency=\"true\" src=\"https:\/\/www.helloasso.com\/associations\/grain-d-pixel\/evenements\/sg63-la-photographie-d-architecture-par-thibaut-froehly\/widget-bouton\" style=\"width: 100%; height: 70px; border: none;\"><\/iframe>\n\n\n\n<figure class=\"wp-block-image size-full is-resized\"><a href=\"http:\/\/grain-dpixel.fr\/info\/wp-content\/uploads\/2022\/10\/Gouttes2.jpg\"><img loading=\"lazy\" decoding=\"async\" src=\"http:\/\/grain-dpixel.fr\/info\/wp-content\/uploads\/2022\/10\/Gouttes2.jpg\" alt=\"\" class=\"wp-image-11141\" width=\"390\" height=\"584\" srcset=\"https:\/\/grain-dpixel.fr\/info\/wp-content\/uploads\/2022\/10\/Gouttes2.jpg 390w, https:\/\/grain-dpixel.fr\/info\/wp-content\/uploads\/2022\/10\/Gouttes2-200x300.jpg 200w\" sizes=\"(max-width: 390px) 100vw, 390px\" \/><\/a><\/figure>\n\n\n\n<h2 class=\"has-medium-font-size wp-block-heading\"><strong>23 octobre 2022 &#8211; de 14h00 \u00e0 16h00 &#8211; Pr\u00e9sentation de la photo \u00e0 grande vitesse ou comment r\u00e9aliser des collisions de gouttes par Michel Villequey<\/strong><\/h2>\n\n\n\n<div class=\"wp-block-buttons is-layout-flex wp-block-buttons-is-layout-flex\"><\/div>\n\n\n\n<iframe id=\"haWidget\" allowtransparency=\"true\" src=\"https:\/\/www.helloasso.com\/associations\/grain-d-pixel\/evenements\/presentation-de-la-photo-haute-vitesse-comment-realiser-des-collisions-de-gouttes\/widget-bouton\" style=\"width: 100%; height: 70px; border: none;\"><\/iframe>\n","protected":false},"excerpt":{"rendered":"<p>Comme chaque ann\u00e9e, le Festival est l&rsquo;occasion de suivre un stage photographique. 30 septembre 2022 &#8211; de 18h30 \u00e0 21h30 : Initiation au lightpainting, anim\u00e9 par San Art 14 octobre [&hellip;]<\/p>\n","protected":false},"author":1,"featured_media":0,"parent":0,"menu_order":0,"comment_status":"closed","ping_status":"closed","template":"","meta":{"_bbp_topic_count":0,"_bbp_reply_count":0,"_bbp_total_topic_count":0,"_bbp_total_reply_count":0,"_bbp_voice_count":0,"_bbp_anonymous_reply_count":0,"_bbp_topic_count_hidden":0,"_bbp_reply_count_hidden":0,"_bbp_forum_subforum_count":0,"_monsterinsights_skip_tracking":false,"_monsterinsights_sitenote_active":false,"_monsterinsights_sitenote_note":"","_monsterinsights_sitenote_category":0,"footnotes":""},"class_list":["post-10944","page","type-page","status-publish","hentry"],"jetpack_sharing_enabled":true,"_links":{"self":[{"href":"https:\/\/grain-dpixel.fr\/info\/wp-json\/wp\/v2\/pages\/10944","targetHints":{"allow":["GET"]}}],"collection":[{"href":"https:\/\/grain-dpixel.fr\/info\/wp-json\/wp\/v2\/pages"}],"about":[{"href":"https:\/\/grain-dpixel.fr\/info\/wp-json\/wp\/v2\/types\/page"}],"author":[{"embeddable":true,"href":"https:\/\/grain-dpixel.fr\/info\/wp-json\/wp\/v2\/users\/1"}],"replies":[{"embeddable":true,"href":"https:\/\/grain-dpixel.fr\/info\/wp-json\/wp\/v2\/comments?post=10944"}],"version-history":[{"count":14,"href":"https:\/\/grain-dpixel.fr\/info\/wp-json\/wp\/v2\/pages\/10944\/revisions"}],"predecessor-version":[{"id":11145,"href":"https:\/\/grain-dpixel.fr\/info\/wp-json\/wp\/v2\/pages\/10944\/revisions\/11145"}],"wp:attachment":[{"href":"https:\/\/grain-dpixel.fr\/info\/wp-json\/wp\/v2\/media?parent=10944"}],"curies":[{"name":"wp","href":"https:\/\/api.w.org\/{rel}","templated":true}]}}