{"id":10552,"date":"2022-07-30T17:05:06","date_gmt":"2022-07-30T15:05:06","guid":{"rendered":"http:\/\/grain-dpixel.fr\/info\/?page_id=10552"},"modified":"2022-07-30T17:05:07","modified_gmt":"2022-07-30T15:05:07","slug":"50-photographes-besancon-jaime-ma-ville","status":"publish","type":"page","link":"https:\/\/grain-dpixel.fr\/info\/expositions-photographie-contemporaine-grain-dpixel\/50-photographes-besancon-jaime-ma-ville\/","title":{"rendered":"50 photographes &#8211; Besan\u00e7on j&rsquo;aime ma ville"},"content":{"rendered":"\n<figure class=\"wp-block-image size-full\"><a href=\"http:\/\/grain-dpixel.fr\/info\/wp-content\/uploads\/2022\/07\/Affiche-Aout.jpg\"><img fetchpriority=\"high\" decoding=\"async\" width=\"595\" height=\"842\" src=\"http:\/\/grain-dpixel.fr\/info\/wp-content\/uploads\/2022\/07\/Affiche-Aout.jpg\" alt=\"\" class=\"wp-image-10553\" srcset=\"https:\/\/grain-dpixel.fr\/info\/wp-content\/uploads\/2022\/07\/Affiche-Aout.jpg 595w, https:\/\/grain-dpixel.fr\/info\/wp-content\/uploads\/2022\/07\/Affiche-Aout-212x300.jpg 212w\" sizes=\"(max-width: 595px) 100vw, 595px\" \/><\/a><\/figure>\n\n\n\n<p>Samedi 13 Ao\u00fbt : de 10h00 \u00e0 18h00 &#8211; Vernissage \u00e0 18h00 (en pr\u00e9sence des photographes)<br>Dimanche 14 Ao\u00fbt : de 10h00 \u00e0 18h00 &#8211; visite guid\u00e9e de 10h00 \u00e0 11h00<br>Mardi 16 Ao\u00fbt : de 14h00 \u00e0 18h00<br>Mercredi 17 Ao\u00fbt : de 14h00 \u00e0 18h00<br>Jeudi 18 Ao\u00fbt : de 14h00 \u00e0 18h00<br>Vendredi 19 Ao\u00fbt : de 14h00 \u00e0 18h00<br>Samedi 20 Ao\u00fbt : de 10h \u00e0 12h00 de 14h00 \u00e0 18h00 &#8211; visite guid\u00e9e de 10h00 \u00e0 11h00<br>Dimanche 21 Ao\u00fbt : de 14h00 \u00e0 18h00<\/p>\n","protected":false},"excerpt":{"rendered":"<p>Samedi 13 Ao\u00fbt : de 10h00 \u00e0 18h00 &#8211; Vernissage \u00e0 18h00 (en pr\u00e9sence des photographes)Dimanche 14 Ao\u00fbt : de 10h00 \u00e0 18h00 &#8211; visite guid\u00e9e de 10h00 \u00e0 11h00Mardi [&hellip;]<\/p>\n","protected":false},"author":1,"featured_media":0,"parent":9953,"menu_order":0,"comment_status":"closed","ping_status":"closed","template":"","meta":{"_bbp_topic_count":0,"_bbp_reply_count":0,"_bbp_total_topic_count":0,"_bbp_total_reply_count":0,"_bbp_voice_count":0,"_bbp_anonymous_reply_count":0,"_bbp_topic_count_hidden":0,"_bbp_reply_count_hidden":0,"_bbp_forum_subforum_count":0,"_monsterinsights_skip_tracking":false,"_monsterinsights_sitenote_active":false,"_monsterinsights_sitenote_note":"","_monsterinsights_sitenote_category":0,"footnotes":""},"class_list":["post-10552","page","type-page","status-publish","hentry"],"jetpack_sharing_enabled":true,"_links":{"self":[{"href":"https:\/\/grain-dpixel.fr\/info\/wp-json\/wp\/v2\/pages\/10552","targetHints":{"allow":["GET"]}}],"collection":[{"href":"https:\/\/grain-dpixel.fr\/info\/wp-json\/wp\/v2\/pages"}],"about":[{"href":"https:\/\/grain-dpixel.fr\/info\/wp-json\/wp\/v2\/types\/page"}],"author":[{"embeddable":true,"href":"https:\/\/grain-dpixel.fr\/info\/wp-json\/wp\/v2\/users\/1"}],"replies":[{"embeddable":true,"href":"https:\/\/grain-dpixel.fr\/info\/wp-json\/wp\/v2\/comments?post=10552"}],"version-history":[{"count":1,"href":"https:\/\/grain-dpixel.fr\/info\/wp-json\/wp\/v2\/pages\/10552\/revisions"}],"predecessor-version":[{"id":10554,"href":"https:\/\/grain-dpixel.fr\/info\/wp-json\/wp\/v2\/pages\/10552\/revisions\/10554"}],"up":[{"embeddable":true,"href":"https:\/\/grain-dpixel.fr\/info\/wp-json\/wp\/v2\/pages\/9953"}],"wp:attachment":[{"href":"https:\/\/grain-dpixel.fr\/info\/wp-json\/wp\/v2\/media?parent=10552"}],"curies":[{"name":"wp","href":"https:\/\/api.w.org\/{rel}","templated":true}]}}

50 photographes &#8211; Besançon j&rsquo;aime ma ville

<figure class="wp-block-image size-full"><a href="http://grain-dpixel.fr/info/wp-content/uploads/2022/07/Affiche-Aout.jpg"><img fetchpriority="high" decoding="async" width="595" height="842" src="http://grain-dpixel.fr/info/wp-content/uploads/2022/07/Affiche-Aout.jpg" alt="" class="wp-image-10553" srcset="https://grain-dpixel.fr/info/wp-content/uploads/2022/07/Affiche-Aout.jpg 595w, https://grain-dpixel.fr/info/wp-content/uploads/2022/07/Affiche-Aout-212x300.jpg 212w" sizes="(max-width: 595px) 100vw, 595px" /></a></figure>



<p>Samedi 13 Août : de 10h00 à 18h00 &#8211; Vernissage à 18h00 (en présence des photographes)<br>Dimanche 14 Août : de 10h00 à 18h00 &#8211; visite guidée de 10h00 à 11h00<br>Mardi 16 Août : de 14h00 à 18h00<br>Mercredi 17 Août : de 14h00 à 18h00<br>Jeudi 18 Août : de 14h00 à 18h00<br>Vendredi 19 Août : de 14h00 à 18h00<br>Samedi 20 Août : de 10h à 12h00 de 14h00 à 18h00 &#8211; visite guidée de 10h00 à 11h00<br>Dimanche 21 Août : de 14h00 à 18h00</p>

<p>Samedi 13 Août : de 10h00 à 18h00 &#8211; Vernissage à 18h00 (en présence des photographes)Dimanche 14 Août : de 10h00 à 18h00 &#8211; visite guidée de 10h00 à 11h00Mardi [&hellip;]</p>
