{"id":10416,"date":"2022-05-06T10:15:12","date_gmt":"2022-05-06T08:15:12","guid":{"rendered":"http:\/\/grain-dpixel.fr\/info\/?page_id=10416"},"modified":"2022-05-27T12:45:16","modified_gmt":"2022-05-27T10:45:16","slug":"6-photographes-entre-ville-et-nature","status":"publish","type":"page","link":"https:\/\/grain-dpixel.fr\/info\/expositions-photographie-contemporaine-grain-dpixel\/6-photographes-entre-ville-et-nature\/","title":{"rendered":"6 photographes &#8211; Entre ville et nature"},"content":{"rendered":"\n<figure class=\"wp-block-image size-full\"><a href=\"http:\/\/grain-dpixel.fr\/info\/wp-content\/uploads\/2022\/05\/Affiche-Juin.jpg\"><img fetchpriority=\"high\" decoding=\"async\" width=\"595\" height=\"842\" src=\"http:\/\/grain-dpixel.fr\/info\/wp-content\/uploads\/2022\/05\/Affiche-Juin.jpg\" alt=\"\" class=\"wp-image-10417\" srcset=\"https:\/\/grain-dpixel.fr\/info\/wp-content\/uploads\/2022\/05\/Affiche-Juin.jpg 595w, https:\/\/grain-dpixel.fr\/info\/wp-content\/uploads\/2022\/05\/Affiche-Juin-212x300.jpg 212w\" sizes=\"(max-width: 595px) 100vw, 595px\" \/><\/a><\/figure>\n\n\n\n<p>Samedi 11 juin : de 10h00 \u00e0 18h00 &#8211; Vernissage \u00e0 18h00 (en pr\u00e9sence des photographes et d&rsquo;Andr\u00e9a Mantovani)<br>Dimanche 12 juin : <a href=\"https:\/\/grain-d-pixel-association-pour-la-photographie.assoconnect.com\/collect\/description\/240759-m-visite-privee-de-l-exposition-entre-ville-et-nature\">Visite priv\u00e9e de 10h00 \u00e0 12h00 (r\u00e9servation possible en pr\u00e9sence de l&rsquo;artiste)<\/a> et de 14h00 \u00e0 18h00<br>Mardi 14 juin : de 14h00 \u00e0 18h00<br>Mercredi 15 juin : de 14h00 \u00e0 20h00<br>Jeudi 16 juin : de 14h00 \u00e0 20h00<br>Vendredi 17 juin : de 14h00 \u00e0 20h00<br>Samedi 18 juin : <a href=\"https:\/\/grain-d-pixel-association-pour-la-photographie.assoconnect.com\/collect\/description\/240759-m-visite-privee-de-l-exposition-entre-ville-et-nature\">Visite priv\u00e9e de 10h00 \u00e0 12h00 (r\u00e9servation possible en pr\u00e9sence de l&rsquo;artiste)<\/a> et de 14h00 \u00e0 18h00<br>Dimanche 19 juin : de 14h00 \u00e0 18h00<\/p>\n","protected":false},"excerpt":{"rendered":"<p>Samedi 11 juin : de 10h00 \u00e0 18h00 &#8211; Vernissage \u00e0 18h00 (en pr\u00e9sence des photographes et d&rsquo;Andr\u00e9a Mantovani)Dimanche 12 juin : Visite priv\u00e9e de 10h00 \u00e0 12h00 (r\u00e9servation possible [&hellip;]<\/p>\n","protected":false},"author":1,"featured_media":0,"parent":9953,"menu_order":0,"comment_status":"closed","ping_status":"closed","template":"","meta":{"_bbp_topic_count":0,"_bbp_reply_count":0,"_bbp_total_topic_count":0,"_bbp_total_reply_count":0,"_bbp_voice_count":0,"_bbp_anonymous_reply_count":0,"_bbp_topic_count_hidden":0,"_bbp_reply_count_hidden":0,"_bbp_forum_subforum_count":0,"_monsterinsights_skip_tracking":false,"_monsterinsights_sitenote_active":false,"_monsterinsights_sitenote_note":"","_monsterinsights_sitenote_category":0,"footnotes":""},"class_list":["post-10416","page","type-page","status-publish","hentry"],"jetpack_sharing_enabled":true,"_links":{"self":[{"href":"https:\/\/grain-dpixel.fr\/info\/wp-json\/wp\/v2\/pages\/10416","targetHints":{"allow":["GET"]}}],"collection":[{"href":"https:\/\/grain-dpixel.fr\/info\/wp-json\/wp\/v2\/pages"}],"about":[{"href":"https:\/\/grain-dpixel.fr\/info\/wp-json\/wp\/v2\/types\/page"}],"author":[{"embeddable":true,"href":"https:\/\/grain-dpixel.fr\/info\/wp-json\/wp\/v2\/users\/1"}],"replies":[{"embeddable":true,"href":"https:\/\/grain-dpixel.fr\/info\/wp-json\/wp\/v2\/comments?post=10416"}],"version-history":[{"count":2,"href":"https:\/\/grain-dpixel.fr\/info\/wp-json\/wp\/v2\/pages\/10416\/revisions"}],"predecessor-version":[{"id":10448,"href":"https:\/\/grain-dpixel.fr\/info\/wp-json\/wp\/v2\/pages\/10416\/revisions\/10448"}],"up":[{"embeddable":true,"href":"https:\/\/grain-dpixel.fr\/info\/wp-json\/wp\/v2\/pages\/9953"}],"wp:attachment":[{"href":"https:\/\/grain-dpixel.fr\/info\/wp-json\/wp\/v2\/media?parent=10416"}],"curies":[{"name":"wp","href":"https:\/\/api.w.org\/{rel}","templated":true}]}}